Northwest Meridian, Idaho

43° 38.92' N | 116° 25.01' W | 2569 feet | Show on map

Climate Summary for January 2013

Last Updated 04/07/2018

Station:LaCrosse WS-2316
Software:WeeWX
Weewx uptime:NA
Server uptime:NA

                   MONTHLY CLIMATOLOGICAL SUMMARY FOR Jan 2013


NAME: Northwest Meridian, Idaho                  
ELEV: 2569 feet    LAT: 43-38.92 N    LONG: 116-25.01 W


                   TEMPERATURE (°F), RAIN (in), WIND SPEED (mph)

                                         HEAT   COOL         AVG
      MEAN                               DEG    DEG          WIND                   DOM
DAY   TEMP   HIGH   TIME    LOW   TIME   DAYS   DAYS   RAIN  SPEED   HIGH   TIME    DIR
---------------------------------------------------------------------------------------
 01   16.3   24.0  13:31   10.0  02:41   48.7    0.0   0.00    0.1    5.0  14:11    253
 02   20.2   28.0  14:25   13.0  23:38   44.8    0.0   0.00    1.5   11.0  12:24    150
 03   13.2   25.0  15:41    6.0  07:51   51.8    0.0   0.00    0.3    7.0  10:11    269
 04   11.7   23.0  14:56    5.0  03:33   53.3    0.0   0.00    0.2    5.0  12:16    250
 05   13.8   25.0  14:30    5.7  07:57   51.2    0.0   0.00    0.9   10.0  12:10    163
 06   18.6   29.0  15:03   13.0  08:03   46.4    0.0   0.00    0.6    7.0  13:43    262
 07   20.0   27.0  13:37   12.0  01:16   45.0    0.0   0.00    1.1   10.0  09:17    140
 08   26.6   40.0  15:04   20.0  01:50   38.4    0.0   0.06    0.2   22.0  17:14    148
 09   30.7   44.0  12:55   16.0  02:45   34.3    0.0   0.04    1.8   14.0  13:25    174
 10   29.7   33.0  00:06   25.0  23:40   35.3    0.0   0.00    6.1   18.0  02:47    303
 11   23.7   29.0  13:41   10.0  23:59   41.3    0.0   0.00    4.6   20.0  15:31    310
 12   10.1   23.0  14:32    1.0  08:20   54.9    0.0   0.00    0.5    8.0  14:52    313
 13    9.0   24.0  14:19    2.0  01:16   56.0    0.0   0.00    0.2    7.0  12:59    249
 14   15.0   23.0  14:04    6.0  00:02   50.0    0.0   0.00    1.3   12.0  13:04    135
 15   17.1   25.0  14:17    8.0  23:47   47.9    0.0   0.00    0.2    6.0  14:17    266
 16    9.6   19.0  13:47    2.0  08:04   55.4    0.0   0.00    0.3    8.0  14:07    275
 17   10.4   20.0  14:10    4.0  08:19   54.6    0.0   0.00    0.1    4.0  15:10    303
 18    8.3   19.0  14:50    2.0  03:34   56.7    0.0   0.00    0.1    4.0  15:10    267
 19    6.2   15.0  14:03    2.0  02:42   58.8    0.0   0.00    0.3    8.0  14:23    262
 20    6.8   18.0  16:34    0.0  05:12   58.2    0.0   0.00    0.1    5.0  15:03    292
 21    6.3   17.0  15:17    1.0  04:46   58.7    0.0   0.00    0.1    4.0  12:56    240
 22    5.9   18.0  14:41   -1.0  04:40   59.1    0.0   0.00    0.2    6.0  15:41    263
 23   10.6   20.0  14:16    2.0  02:05   54.4    0.0   0.00    0.6    8.0  14:26    265
 24   25.7   34.0  14:25   17.0  00:05   39.3    0.0   0.00    0.3   22.0  05:12    318
 25   32.0   37.0  12:20   28.0  08:35   33.0    0.0   0.18    0.4    8.3  22:57    290
 26   33.8   39.0  11:40   32.0  00:07   31.2    0.0   0.14    0.5    9.0  11:50    306
 27   31.5   38.0  16:34   26.0  23:54   33.5    0.0   0.00    1.3   12.0  13:31    343
 28   30.1   39.0  13:52   20.0  03:29   34.9    0.0   0.04    0.1    3.1  13:57    121
 29   34.8   42.0  15:43   31.0  07:07   30.2    0.0   0.16    1.1   12.0  14:01    331
 30   38.6   47.0  13:25   32.0  23:46   26.4    0.0   0.00    0.4   22.0  11:39     23
 31   37.5   51.0  15:53   29.0  04:00   27.5    0.0   0.00    0.1    4.0  14:23     15
---------------------------------------------------------------------------------------
      19.4   51.0     31   -1.0     22 1411.4    0.0   0.62    0.8   22.0     08    294
    
Updated: 12/05/2017 02:40:00 AM