Northwest Meridian, Idaho

43° 38.92' N | 116° 25.01' W | 2569 feet | Show on map

Climate Summary for December 2012

Last Updated 04/07/2018

Station:LaCrosse WS-2316
Software:WeeWX
Weewx uptime:NA
Server uptime:NA

                   MONTHLY CLIMATOLOGICAL SUMMARY FOR Dec 2012


NAME: Northwest Meridian, Idaho                  
ELEV: 2569 feet    LAT: 43-38.92 N    LONG: 116-25.01 W


                   TEMPERATURE (°F), RAIN (in), WIND SPEED (mph)

                                         HEAT   COOL         AVG
      MEAN                               DEG    DEG          WIND                   DOM
DAY   TEMP   HIGH   TIME    LOW   TIME   DAYS   DAYS   RAIN  SPEED   HIGH   TIME    DIR
---------------------------------------------------------------------------------------
 01   52.1   59.0  13:41   47.0  00:10   12.9    0.0   0.00    5.4   16.0  01:50    133
 02   51.7   63.0  08:23   35.0  23:55   13.3    0.0   0.02    6.5   26.0  10:53    184
 03   42.2   55.0  15:38   33.0  03:16   22.8    0.0   0.00    1.3   13.0  12:07    143
 04   47.0   54.3  14:57   44.0  05:18   18.0    0.0   0.16    8.6   21.0  09:58    137
 05   50.8   59.0  15:35   36.0  23:45   14.2    0.0   0.44    1.8   13.0  13:32    308
 06   37.0   45.0  14:59   31.0  23:23   28.0    0.0   0.00    0.3    9.0  14:59    343
 07   35.5   47.0  13:55   26.0  02:54   29.5    0.0   0.00    0.3    7.0  12:35    159
 08   34.7   41.0  00:20   32.0  05:29   30.3    0.0   0.00    2.1   13.0  01:10    334
 09   33.2   38.0  13:07   27.0  08:42   31.8    0.0   0.00    0.2    6.0  00:31    316
 10   36.3   45.0  16:00   31.0  08:20   28.7    0.0   0.00    1.2    9.0  14:30    314
 11   36.1   50.0  14:51   28.0  04:29   28.9    0.0   0.00    1.3   13.0  13:30    142
 12   38.9   44.0  14:11   34.0  23:35   26.1    0.0   0.10    0.6   10.0  11:55    318
 13   33.6   38.0  15:30   29.0  05:18   31.4    0.0   0.00    0.2    5.0  13:58    311
 14   36.6   43.0  15:30   32.0  02:15   28.4    0.0   0.00    0.3    6.0  14:10    351
 15   36.3   43.0  14:07   33.0  03:43   28.7    0.0   0.00    1.3   10.0  20:56    137
 16   35.5   41.0  23:41   33.0  00:37   29.5    0.0   0.06    3.5   20.0  23:01    134
 17   41.4   48.0  14:23   29.0  23:40   23.6    0.0   0.00    5.5   21.0  13:14    245
 18   26.6   36.0  13:49   18.0  00:00   38.4    0.0   0.00    0.5    9.0  15:20    324
 19   26.3   36.0  13:40   15.0  05:39   38.7    0.0   0.00    4.3   18.0  20:11    132
 20   37.3   44.0  14:35   34.0  00:31   27.7    0.0   0.00   11.4   24.0  13:05    141
 21   38.3   44.0  14:01   33.0  04:40   26.7    0.0   0.00    8.3   20.0  01:00    158
 22   41.9   49.0  11:54   32.0  22:35   23.1    0.0   0.00    6.9   21.0  08:03    141
 23   35.9   41.0  20:08   29.0  07:06   29.1    0.0   0.08    6.2   22.0  17:48    132
 24   33.9   40.0  13:44   25.0  23:26   31.1    0.0   0.02    2.4   14.0  14:14    316
 25   28.6   38.0  14:19   19.0  05:07   36.4    0.0   0.00    6.0   23.0  16:29    137
 26   30.4   35.0  13:12   28.0  23:57   34.6    0.0   0.02    1.8   10.0  00:11    268
 27   30.1   35.0  13:48   26.0  09:07   34.9    0.0   0.02    1.8   13.0  13:38    322
 28   27.8   36.0  15:43   21.0  08:11   37.2    0.0   0.00    0.8    8.0  11:52    220
 29   22.5   28.0  13:09   19.0  03:04   42.5    0.0   0.00    1.0    8.0  13:09    330
 30   23.1   31.0  15:08   14.0  23:09   41.9    0.0   0.00    0.4   22.0  11:43    312
 31   19.2   29.0  14:57   12.0  01:31   45.8    0.0   0.00    1.4   12.0  12:46    325
---------------------------------------------------------------------------------------
      35.4   63.0     02   12.0     31  914.1    0.0   0.92    3.0   26.0     02    147
    
Updated: 12/05/2017 02:40:00 AM