Northwest Meridian, Idaho

43° 38.92' N | 116° 25.01' W | 2569 feet | Show on map

Climate Summary for July 2012

Last Updated 04/07/2018

Station:LaCrosse WS-2316
Software:WeeWX
Weewx uptime:NA
Server uptime:NA

                   MONTHLY CLIMATOLOGICAL SUMMARY FOR Jul 2012


NAME: Northwest Meridian, Idaho                  
ELEV: 2569 feet    LAT: 43-38.92 N    LONG: 116-25.01 W


                   TEMPERATURE (°F), RAIN (in), WIND SPEED (mph)

                                         HEAT   COOL         AVG
      MEAN                               DEG    DEG          WIND                   DOM
DAY   TEMP   HIGH   TIME    LOW   TIME   DAYS   DAYS   RAIN  SPEED   HIGH   TIME    DIR
---------------------------------------------------------------------------------------
 01   75.1   89.0  19:49   64.0  05:48    0.0   10.1   0.00    4.5   19.0  09:48    311
 02   77.2   98.0  20:22   56.0  06:22    0.0   12.2   0.00    3.0    9.0  17:32    354
 03   74.1   86.0  17:38   63.0  07:03    0.0    9.1   0.00    4.7   16.0  12:08    335
 04   70.2   90.0  17:18   49.0  06:32    0.0    5.2   0.00    2.4   13.0  17:18    314
 05   76.0   97.0  20:37   58.0  06:19    0.0   11.0   0.00    1.7    9.0  16:43    242
 06   80.9  102.0  19:13   62.0  06:14    0.0   15.9   0.00    2.8   14.0  20:23     87
 07   81.1  102.0  16:30   62.0  06:26    0.0   16.1   0.00    1.2   12.0  16:50    304
 08   81.5  101.0  18:00   63.0  06:31    0.0   16.5   0.00    1.9   22.0  18:40     97
 09   83.4  104.0  17:55   64.0  06:22    0.0   18.4   0.00    1.6   24.0  16:05     29
 10   84.1  103.0  20:28   65.0  06:36    0.0   19.1   0.00    1.2    9.0  11:27    231
 11   82.6  105.0  19:48   63.0  06:35    0.0   17.6   0.00    1.0   13.0  08:53    253
 12   86.5  107.0  19:07   65.0  05:41    0.0   21.5   0.00    1.5    9.0  10:12     18
 13   79.2   91.0  15:48   69.0  06:42    0.0   14.2   0.00    3.3   21.0  16:18    133
 14   78.7   99.0  16:52   65.0  04:52    0.0   13.7   0.06    3.6   20.0  23:33    149
 15   77.4   96.0  19:25   61.0  06:44    0.0   12.4   0.00    1.8   17.0  00:03      3
 16   77.2   92.0  19:27   65.0  06:29    0.0   12.2   0.00    2.8   22.0  14:50    145
 17   79.3  103.0  18:24   61.0  06:13    0.0   14.3   0.00    1.0   10.0  18:49    254
 18   81.0   98.0  16:48   59.0  06:16    0.0   16.0   0.00    1.5    9.0  17:18    335
 19   81.7   99.0  15:19   64.0  05:18    0.0   16.7   0.00    1.4   11.0  20:50    314
 20   84.1  100.0  17:45   67.0  07:01    0.0   19.1   0.00    1.9   10.0  20:55    340
 21   77.3   96.0  18:12   59.0  06:21    0.0   12.3   0.00    2.5   11.0  10:54    313
 22   82.8  109.0  18:49   60.0  06:22    0.0   17.8   0.00    1.8   19.0  22:53    161
 23   76.3   89.0  19:41   62.0  06:45    0.0   11.3   0.00    2.0   13.0  12:28    314
 24   75.5   96.0  18:50   57.0  06:23    0.0   10.5   0.00    1.0    8.0  16:07    285
 25   78.1  100.0  17:15   58.0  06:45    0.0   13.1   0.00    1.1    8.0  11:23    315
 26   81.2  100.0  18:29   62.0  06:16    0.0   16.2   0.00    1.6    9.0  14:07    347
 27   81.4  101.0  17:55   62.0  06:31    0.0   16.4   0.00    1.2   11.0  15:54    315
 28   79.2   99.0  19:06   61.0  06:21    0.0   14.2   0.00    1.5   22.0  07:12    287
 29   79.8  101.0  18:55   59.0  07:06    0.0   14.8   0.00    1.2    8.0  00:27    304
 30   78.8   98.0  18:41   59.0  06:32    0.0   13.8   0.00    1.5   12.0  18:31    336
 31   78.4   98.0  17:31   58.0  07:02    0.0   13.4   0.00    1.7   10.0  15:30    307
---------------------------------------------------------------------------------------
      79.3  109.0     22   49.0     04    0.0  445.0   0.06    1.9   24.0     09    321
    
Updated: 12/05/2017 02:40:00 AM