Northwest Meridian, Idaho

43° 38.92' N | 116° 25.01' W | 2569 feet | Show on map

Climate Summary for June 2012

Last Updated 04/07/2018

Station:LaCrosse WS-2316
Software:WeeWX
Weewx uptime:NA
Server uptime:NA

                   MONTHLY CLIMATOLOGICAL SUMMARY FOR Jun 2012


NAME: Northwest Meridian, Idaho                  
ELEV: 2569 feet    LAT: 43-38.92 N    LONG: 116-25.01 W


                   TEMPERATURE (°F), RAIN (in), WIND SPEED (mph)

                                         HEAT   COOL         AVG
      MEAN                               DEG    DEG          WIND                   DOM
DAY   TEMP   HIGH   TIME    LOW   TIME   DAYS   DAYS   RAIN  SPEED   HIGH   TIME    DIR
---------------------------------------------------------------------------------------
 01   73.9   94.0  18:21   53.0  06:19    0.0    8.9   0.00    1.5   11.0  15:51      2
 02   73.7   83.0  13:59   63.0  06:18    0.0    8.7   0.02    4.2   18.0  19:38    336
 03   73.0   91.0  15:59   54.0  05:50    0.0    8.0   0.00    1.2   10.0  17:48    350
 04   70.0   90.0  15:43   52.3  23:12    0.0    5.0   0.02    2.2   24.0  18:37    308
 05   50.6   55.0  15:36   46.0  23:35   14.4    0.0   0.10    3.6   21.0  15:16    301
 06   55.0   75.0  18:57   37.0  06:35   10.0    0.0   0.00    1.2    8.0  15:56      1
 07   60.2   81.0  16:04   42.0  05:58    4.8    0.0   0.00    4.7   17.0  20:03    113
 08   58.2   70.0  17:10   47.0  04:39    6.8    0.0   0.00    3.9   20.0  19:35    324
 09   51.4   64.0  17:21   44.0  03:40   13.6    0.0   0.04    5.1   21.0  11:10    296
 10   58.4   75.0  20:16   44.0  06:12    6.6    0.0   0.00    1.9   10.0  18:36    304
 11   64.7   83.0  17:28   44.0  06:00    0.3    0.0   0.00    1.5   10.0  09:51      6
 12   70.8   91.0  14:59   54.0  06:15    0.0    5.8   0.00    2.2   26.0  23:30    357
 13   67.4   80.0  17:53   53.0  05:51    0.0    2.4   0.00    4.4   17.4  00:12    339
 14   65.9   85.0  19:28   46.0  06:25    0.0    0.9   0.00    1.4   11.0  17:38    337
 15   68.1   84.0  18:24   52.0  06:05    0.0    3.1   0.00    4.0   17.0  10:45    306
 16   69.2   92.0  18:51   47.0  06:05    0.0    4.2   0.00    0.8    9.0  14:58    314
 17   73.4   93.0  18:04   52.0  06:15    0.0    8.4   0.00    2.4   19.0  18:24    325
 18   63.6   74.0  15:32   53.0  05:53    1.4    0.0   0.00    5.9   25.0  17:23    324
 19   58.4   71.0  19:08   43.0  06:05    6.6    0.0   0.00    3.2   21.0  18:38    317
 20   64.9   87.0  18:27   43.0  05:59    0.1    0.0   0.00    1.8   11.0  17:27    157
 21   75.3  101.0  19:56   50.0  06:31    0.0   10.3   0.00    1.9   14.0  15:12    126
 22   78.5   98.0  18:04   64.0  06:23    0.0   13.5   0.00    2.5   23.0  21:24    307
 23   70.4   84.0  16:37   56.0  05:56    0.0    5.4   0.00    2.9   15.0  20:47    316
 24   70.7   89.0  19:49   53.0  06:08    0.0    5.7   0.00    2.5   15.0  17:48    325
 25   71.4   89.0  19:25   53.0  05:55    0.0    6.4   0.00    1.9   13.0  16:24    333
 26   64.3   75.0  18:46   56.0  07:02    0.7    0.0   0.00    3.8   19.0  10:42    312
 27   64.1   84.0  17:33   44.0  05:57    0.9    0.0   0.00    0.8    8.0  18:54    320
 28   74.2   98.0  19:56   51.0  05:27    0.0    9.2   0.00    0.8    9.0  17:46    348
 29   73.1   87.0  16:40   58.0  04:26    0.0    8.1   0.00    2.1   14.0  12:57    325
 30   76.1  101.0  20:37   53.0  06:36    0.0   11.1   0.00    1.2   11.0  23:17    316
---------------------------------------------------------------------------------------
      66.9  101.0     21   37.0     06   66.2  124.9   0.18    2.6   26.0     12    322
    
Updated: 12/05/2017 02:40:00 AM