Northwest Meridian, Idaho

43° 38.92' N | 116° 25.01' W | 2569 feet | Show on map

Climate Summary for May 2012

Last Updated 04/07/2018

Station:LaCrosse WS-2316
Software:WeeWX
Weewx uptime:NA
Server uptime:NA

                   MONTHLY CLIMATOLOGICAL SUMMARY FOR May 2012


NAME: Northwest Meridian, Idaho                  
ELEV: 2569 feet    LAT: 43-38.92 N    LONG: 116-25.01 W


                   TEMPERATURE (°F), RAIN (in), WIND SPEED (mph)

                                         HEAT   COOL         AVG
      MEAN                               DEG    DEG          WIND                   DOM
DAY   TEMP   HIGH   TIME    LOW   TIME   DAYS   DAYS   RAIN  SPEED   HIGH   TIME    DIR
---------------------------------------------------------------------------------------
 01   51.7   66.0  17:40   39.0  06:53   13.3    0.0   0.00    2.0   10.0  10:39    337
 02   50.7   67.0  19:04   36.0  06:33   14.3    0.0   0.00    2.5   21.0  00:41    333
 03   54.9   70.0  18:28   49.0  04:49   10.1    0.0   0.08    2.4   20.0  19:28    115
 04   47.2   61.0  11:50   41.0  23:03   17.8    0.0   0.20    2.5   19.0  12:50    316
 05   45.2   57.0  17:15   34.0  06:34   19.8    0.0   0.02    3.3   15.0  10:54    319
 06   47.2   63.0  18:01   31.0  06:26   17.8    0.0   0.00    2.8   16.0  15:58    310
 07   53.9   72.0  16:51   34.0  06:12   11.1    0.0   0.00    1.6   10.0  14:49    301
 08   60.8   84.0  17:35   38.0  06:34    4.2    0.0   0.00    0.6    8.0  18:05     30
 09   62.9   81.0  16:11   45.0  06:30    2.1    0.0   0.00    3.9   21.0  20:21    333
 10   52.3   62.0  17:04   42.0  07:13   12.7    0.0   0.00    8.1   21.0  02:52    314
 11   51.9   69.0  18:15   35.0  06:14   13.1    0.0   0.00    2.3   12.0  19:26    325
 12   56.9   76.0  17:20   36.0  06:04    8.1    0.0   0.00    1.6   10.0  15:39    333
 13   64.0   92.0  19:03   40.0  06:34    1.0    0.0   0.00    1.2    9.0  19:43    339
 14   66.5   87.0  15:56   45.0  06:35    0.0    1.5   0.00    1.5    9.0  16:16    344
 15   68.0   82.0  16:10   51.0  06:44    0.0    3.0   0.00    0.4    6.0  16:10    317
 16   69.7   88.0  18:01   52.0  06:13    0.0    4.7   0.00    2.8   13.0  10:23    337
 17   59.6   69.0  15:38   51.0  06:09    5.4    0.0   0.00    4.0   24.0  17:01    316
 18   55.9   69.0  16:28   42.0  06:31    9.1    0.0   0.00    4.2   20.0  10:22    308
 19   59.0   79.0  17:50   39.0  06:09    6.0    0.0   0.00    1.3   10.0  16:40    358
 20   68.3   89.0  17:31   52.0  06:20    0.0    3.3   0.00    1.1   10.0  15:11     13
 21   71.4   90.0  17:25   59.0  04:34    0.0    6.4   0.00    3.6   21.0  21:06    346
 22   62.8   72.0  16:57   53.0  23:48    2.2    0.0   0.04    3.6   19.0  14:37    301
 23   53.8   63.0  16:19   45.0  06:29   11.2    0.0   0.02    4.7   17.0  10:49    321
 24   52.9   69.0  18:00   38.0  05:59   12.1    0.0   0.00    2.1   10.0  15:30    295
 25   52.8   65.0  18:19   46.0  08:02   12.2    0.0   0.12    2.3   18.0  20:30    311
 26   49.6   57.0  15:40   43.0  06:31   15.4    0.0   0.39    2.4   16.0  20:11    323
 27   57.7   73.0  20:20   47.0  05:42    7.3    0.0   0.00    2.3   16.0  10:42    319
 28   62.5   83.0  18:27   42.0  06:11    2.5    0.0   0.00    1.2   10.0  16:17     10
 29   65.0   81.0  16:33   47.0  06:21    0.0    0.0   0.00    1.8   13.0  17:53    330
 30   65.0   80.0  19:40   48.0  06:18    0.0    0.0   0.00    3.0   15.0  18:20    338
 31   71.5   87.0  17:35   49.0  06:12    0.0    6.5   0.00    2.0   15.0  17:35      9
---------------------------------------------------------------------------------------
      58.4   92.0     13   31.0     06  228.8   25.5   0.87    2.6   24.0     17    325
    
Updated: 12/05/2017 02:40:00 AM