Northwest Meridian, Idaho

43° 38.92' N | 116° 25.01' W | 2569 feet | Show on map

Climate Summary for February 2012

Last Updated 04/07/2018

Station:LaCrosse WS-2316
Software:WeeWX
Weewx uptime:NA
Server uptime:NA

                   MONTHLY CLIMATOLOGICAL SUMMARY FOR Feb 2012


NAME: Northwest Meridian, Idaho                  
ELEV: 2569 feet    LAT: 43-38.92 N    LONG: 116-25.01 W


                   TEMPERATURE (°F), RAIN (in), WIND SPEED (mph)

                                         HEAT   COOL         AVG
      MEAN                               DEG    DEG          WIND                   DOM
DAY   TEMP   HIGH   TIME    LOW   TIME   DAYS   DAYS   RAIN  SPEED   HIGH   TIME    DIR
---------------------------------------------------------------------------------------
 01   39.0   48.0  14:18   33.0  22:32   26.0    0.0   0.02    3.3   12.0  00:38    142
 02   34.7   45.0  15:14   26.0  23:49   30.3    0.0   0.00    4.6   17.0  10:54    308
 03   32.1   49.0  17:02   21.0  07:10   32.9    0.0   0.00    1.0    9.0  11:40    141
 04   31.9   50.0  15:21   20.0  07:23   33.1    0.0   0.00    1.2   11.0  17:51     24
 05   30.9   50.0  15:25   19.0  07:01   34.1    0.0   0.00    0.6    7.0  16:25    315
 06   32.0   50.0  15:49   19.0  07:01   33.0    0.0   0.00    2.0   14.0  14:16    142
 07   35.0   52.0  14:57   22.0  07:04   30.0    0.0   0.00    2.2   17.0  15:17    135
 08   40.3   51.0  14:35   35.0  05:21   24.7    0.0   0.00    0.7    6.0  02:00     97
 09   39.3   46.0  15:49   35.0  04:19   25.7    0.0   0.00    0.3    4.0  00:08    225
 10   41.0   53.0  14:05   34.0  07:34   24.0    0.0   0.00    1.1    8.0  16:25    255
 11   40.2   47.0  14:42   35.0  03:16   24.8    0.0   0.06    1.1    8.0  19:03    279
 12   39.8   50.0  16:16   30.0  23:47   25.2    0.0   0.00    3.0   16.0  13:06    318
 13   34.4   47.0  14:28   23.0  07:07   30.6    0.0   0.00    1.8   14.0  15:18    307
 14   36.0   47.0  15:34   26.0  08:14   29.0    0.0   0.00    1.9   32.0  13:44    274
 15   32.4   43.0  15:52   23.0  07:16   32.6    0.0   0.12    4.6   21.0  14:10    306
 16   33.4   48.0  15:08   20.0  06:28   31.6    0.0   0.00    0.8    7.0  13:08    123
 17   42.8   53.0  14:56   35.0  06:18   22.2    0.0   0.00    1.8   16.0  22:09    135
 18   40.5   46.0  15:12   28.0  23:33   24.5    0.0   0.00    5.2   17.0  09:12    356
 19   30.4   46.0  16:44   19.0  07:43   34.6    0.0   0.00    0.8    9.0  12:24    337
 20   32.8   39.0  12:14   24.0  05:43   32.2    0.0   0.02    2.5   11.0  09:58    131
 21   40.1   47.0  14:15   33.0  01:43   24.9    0.0   0.14    0.3    4.0  08:56    117
 22   48.3   56.0  11:29   36.0  23:31   16.7    0.0   0.02    7.4   23.0  11:39    293
 23   36.6   46.0  16:33   29.0  07:41   28.4    0.0   0.00    4.2   17.0  13:11    319
 24   38.9   56.0  15:30   23.0  05:36   26.1    0.0   0.00    5.1   21.0  22:54    133
 25   38.1   49.0  00:25   32.0  23:04   26.9    0.0   0.04    8.0   23.0  08:27    261
 26   33.7   44.0  15:25   27.0  08:02   31.3    0.0   0.00    1.5   11.0  14:44    130
 27   32.9   46.0  15:29   24.0  06:15   32.1    0.0   0.00    1.4   12.0  13:49    303
 28   33.5   51.0  15:55   17.0  06:08   31.5    0.0   0.00    3.0   13.0  16:45    136
 29   38.7   45.0  14:45   33.0  08:06   26.3    0.0   0.02    6.2   23.0  14:45    172
---------------------------------------------------------------------------------------
      36.5   56.0     22   17.0     28  825.4    0.0   0.44    2.7   32.0     14    258
    
Updated: 12/05/2017 02:40:00 AM