Northwest Meridian, Idaho

43° 38.92' N | 116° 25.01' W | 2569 feet | Show on map

Climate Summary for January 2012

Last Updated 04/07/2018

Station:LaCrosse WS-2316
Software:WeeWX
Weewx uptime:NA
Server uptime:NA

                   MONTHLY CLIMATOLOGICAL SUMMARY FOR Jan 2012


NAME: Northwest Meridian, Idaho                  
ELEV: 2569 feet    LAT: 43-38.92 N    LONG: 116-25.01 W


                   TEMPERATURE (°F), RAIN (in), WIND SPEED (mph)

                                         HEAT   COOL         AVG
      MEAN                               DEG    DEG          WIND                   DOM
DAY   TEMP   HIGH   TIME    LOW   TIME   DAYS   DAYS   RAIN  SPEED   HIGH   TIME    DIR
---------------------------------------------------------------------------------------
 01   34.0   45.0  16:17   26.0  00:07   31.0    0.0   0.00    2.2   11.0  01:57    132
 02   32.1   41.0  13:59   24.0  07:35   32.9    0.0   0.00    1.0    9.0  17:27     68
 03   31.7   48.0  16:16   24.0  04:55   33.3    0.0   0.00    0.3    5.0  12:55    247
 04   32.9   46.0  14:40   26.0  00:57   32.1    0.0   0.00    0.7    8.0  09:53    262
 05   33.1   46.0  14:53   26.0  01:35   31.9    0.0   0.00    1.0   10.0  15:13    294
 06   28.8   38.0  13:15   19.0  06:15   36.2    0.0   0.00    0.2    4.0  13:15    247
 07   32.0   40.0  14:41   27.0  22:04   33.0    0.0   0.00    3.7   19.0  12:21    309
 08   30.9   43.0  14:20   22.0  08:06   34.1    0.0   0.00    0.9   10.0  14:40    327
 09   28.8   45.0  16:23   19.0  05:53   36.2    0.0   0.00    0.5    7.0  15:02     13
 10   29.7   37.0  15:25   26.0  03:48   35.3    0.0   0.00    1.5    9.0  01:58    306
 11   27.9   41.0  16:08   17.0  08:25   37.1    0.0   0.00    1.2    8.0  03:27    187
 12   23.9   35.0  14:56   15.0  07:53   41.1    0.0   0.00    0.6    8.0  13:16    267
 13   26.1   42.0  15:19   16.0  05:46   38.9    0.0   0.00    0.5    6.0  12:37    146
 14   26.5   37.0  15:16   19.0  03:55   38.5    0.0   0.00    0.7    6.0  13:00      5
 15   25.6   36.0  14:05   17.0  05:40   39.4    0.0   0.00    2.2   17.0  18:16    309
 16   23.1   33.0  14:00   15.0  04:27   41.9    0.0   0.00    1.4   11.0  14:10    315
 17   28.8   38.0  17:03   20.0  01:39   36.2    0.0   0.00    6.3   18.0  10:10    138
 18   34.6   38.0  06:22   31.0  00:02   30.4    0.0   0.39    3.3   17.0  06:42    135
 19   39.0   43.0  19:13   36.0  00:09   26.0    0.0   0.70    4.4   15.0  14:33    126
 20   42.8   49.0  13:05   36.0  07:54   22.2    0.0   0.35    4.7   16.0  14:25    129
 21   44.0   48.0  11:24   35.0  23:40   21.0    0.0   0.02    6.1   26.0  13:44    171
 22   33.9   41.0  15:11   25.0  06:50   31.1    0.0   0.00    4.7   19.0  21:02    131
 23   34.5   38.0  14:53   27.0  23:23   30.5    0.0   0.12    2.6   36.0  16:13    296
 24   31.5   39.0  13:12   23.0  04:14   33.5    0.0   0.04    3.7   14.0  23:30    144
 25   43.7   52.0  15:03   36.0  00:02   21.3    0.0   0.00    3.6   16.0  00:42    136
 26   41.1   50.0  13:36   32.0  23:17   23.9    0.0   0.22    3.2   21.0  23:07    321
 27   30.2   38.0  14:59   24.0  22:50   34.8    0.0   0.00    3.5   17.0  00:57    313
 28   28.6   42.0  14:52   18.0  06:13   36.4    0.0   0.00    0.5    6.0  15:12    331
 29   32.4   43.0  16:38   24.0  06:55   32.6    0.0   0.00    1.2    6.0  14:27    328
 30   39.6   50.0  14:54   29.0  23:49   25.4    0.0   0.00    2.2   15.0  15:24    333
 31   36.1   55.0  16:16   24.0  07:03   28.9    0.0   0.00    1.4    9.0  22:37    145
---------------------------------------------------------------------------------------
      32.5   55.0     31   15.0     12 1007.4    0.0   1.84    2.3   36.0     23    138
    
Updated: 12/05/2017 02:40:00 AM