Northwest Meridian, Idaho

43° 38.92' N | 116° 25.01' W | 2569 feet | Show on map

Climate Summary for December 2011

Last Updated 04/07/2018

Station:LaCrosse WS-2316
Software:WeeWX
Weewx uptime:NA
Server uptime:NA

                   MONTHLY CLIMATOLOGICAL SUMMARY FOR Dec 2011


NAME: Northwest Meridian, Idaho                  
ELEV: 2569 feet    LAT: 43-38.92 N    LONG: 116-25.01 W


                   TEMPERATURE (°F), RAIN (in), WIND SPEED (mph)

                                         HEAT   COOL         AVG
      MEAN                               DEG    DEG          WIND                   DOM
DAY   TEMP   HIGH   TIME    LOW   TIME   DAYS   DAYS   RAIN  SPEED   HIGH   TIME    DIR
---------------------------------------------------------------------------------------
 01   36.8   47.0  14:09   27.0  23:10   28.2    0.0   0.00    5.9   20.4  11:12    326
 02   32.3   43.0  13:12   24.0  08:21   32.7    0.0   0.00    6.1   26.0  12:52    333
 03   30.4   37.0  13:09   21.0  08:27   34.6    0.0   0.00    3.5   13.0  12:29    324
 04   33.2   44.0  13:52   23.0  23:34   31.8    0.0   0.00    3.9   28.0  15:22    332
 05   24.6   38.0  15:17   16.0  06:26   40.4    0.0   0.00    0.8    9.2  12:12    150
 06   26.0   42.0  15:29   16.0  07:18   39.0    0.0   0.00    0.7    9.0  11:29    142
 07   24.0   38.0  16:00   16.0  03:33   41.0    0.0   0.00    0.5    5.0  12:28    355
 08   23.3   38.0  16:04   13.0  06:48   41.7    0.0   0.00    0.3    7.0  14:03    298
 09   25.1   42.0  15:58   14.0  06:45   39.9    0.0   0.00    0.3    4.0  11:37    230
 10   26.5   40.0  15:30   19.0  01:59   38.5    0.0   0.00    1.1   10.0  09:50    104
 11   23.7   38.0  14:40   15.0  07:39   41.3    0.0   0.00    0.4   22.0  16:50    300
 12   24.7   41.0  15:31   16.0  08:06   40.3    0.0   0.00    0.7    9.0  13:01    303
 13   23.2   36.0  15:10   14.0  05:53   41.8    0.0   0.00    0.3    5.0  15:30    301
 14   28.3   41.0  14:22   19.0  07:11   36.7    0.0   0.00    0.3    6.0  14:32    286
 15   29.5   37.0  15:26   21.0  08:32   35.5    0.0   0.00    0.5    5.0  07:12    216
 16   28.1   44.0  14:54   17.0  06:38   36.9    0.0   0.00    0.3    6.0  11:44    179
 17   26.9   44.0  16:09   16.0  07:47   38.1    0.0   0.00    0.3    4.0  16:19     87
 18   25.6   37.0  13:52   16.0  06:02   39.4    0.0   0.00    1.3    8.0  15:22    289
 19   29.1   46.0  16:17   19.0  08:24   35.9    0.0   0.00    0.6    7.0  01:13    290
 20   28.0   44.0  16:16   17.0  05:32   37.0    0.0   0.00    0.6    5.0  14:09    331
 21   30.2   40.0  14:40   20.0  23:41   34.8    0.0   0.00    5.4   24.0  15:00    325
 22   21.2   35.0  14:36   10.0  07:52   43.8    0.0   0.00    1.1   10.0  12:56    338
 23   20.0   35.0  14:06   10.0  06:49   45.0    0.0   0.00    0.3    8.0  14:56    314
 24   22.1   38.0  14:18   11.0  07:38   42.9    0.0   0.00    0.3    6.0  16:49    230
 25   22.5   35.0  14:36   14.0  06:50   42.5    0.0   0.00    1.0   10.0  15:57     31
 26   23.8   36.0  15:23   13.0  08:04   41.2    0.0   0.00    0.4    7.0  16:33    276
 27   34.2   48.0  16:12   26.0  05:15   30.8    0.0   0.00    0.9    9.0  23:25    143
 28   44.0   49.0  23:28   39.0  01:35   21.0    0.0   0.22    3.9   14.0  03:46    133
 29   47.6   54.0  13:49   42.0  08:29   17.4    0.0   0.04    2.3   15.4  22:12    112
 30   46.2   52.0  16:30   36.0  23:31   18.8    0.0   0.18    6.0   22.0  23:01    156
 31   32.0   42.0  15:52   24.0  08:31   33.0    0.0   0.00    1.4   18.0  00:11    308
---------------------------------------------------------------------------------------
      28.7   54.0     29   10.0     22 1122.0    0.0   0.44    1.6   28.0     04    330
    
Updated: 12/05/2017 02:40:00 AM