Northwest Meridian, Idaho

43° 38.92' N | 116° 25.01' W | 2569 feet | Show on map

Climate Summary for November 2011

Last Updated 04/07/2018

Station:LaCrosse WS-2316
Software:WeeWX
Weewx uptime:NA
Server uptime:NA

                   MONTHLY CLIMATOLOGICAL SUMMARY FOR Nov 2011


NAME: Northwest Meridian, Idaho                  
ELEV: 2569 feet    LAT: 43-38.92 N    LONG: 116-25.01 W


                   TEMPERATURE (°F), RAIN (in), WIND SPEED (mph)

                                         HEAT   COOL         AVG
      MEAN                               DEG    DEG          WIND                   DOM
DAY   TEMP   HIGH   TIME    LOW   TIME   DAYS   DAYS   RAIN  SPEED   HIGH   TIME    DIR
---------------------------------------------------------------------------------------
 01   39.3   50.0  15:19   32.0  07:46   25.7    0.0   0.00    7.2   23.0  15:52    320
 02   36.5   53.0  15:53   22.0  05:19   28.5    0.0   0.00    5.3   18.3  16:14    144
 03   46.1   56.0  13:15   37.0  09:05   18.9    0.0   0.00    7.7   21.0  13:46    159
 04   34.0   37.0  00:07   31.0  03:37   31.0    0.0   0.10    2.0   11.0  21:41    297
 05   33.0   43.0  16:29   25.0  06:47   32.0    0.0   0.00    1.3   12.0  14:19    283
 06   34.6   42.0  12:45   28.0  01:30   30.4    0.0   0.00    1.4   10.0  14:46    337
 07   35.2   44.0  14:12   28.0  07:51   29.8    0.0   0.00    1.1   10.0  14:52    318
 08   34.1   49.0  15:21   24.0  05:56   30.9    0.0   0.00    0.5    8.0  12:00    346
 09   35.3   50.0  15:43   26.0  03:12   29.7    0.0   0.00    1.2    9.0  09:02    115
 10   37.4   51.0  15:44   29.0  04:07   27.6    0.0   0.00    1.3    9.0  06:38     95
 11   35.6   48.9  22:12   22.1  07:12   29.4    0.0   0.00    2.2    9.8  21:12    145
 12   40.5   48.2  00:12   31.3  08:12   24.5    0.0   0.08    3.8   10.5  11:12    294
 13   43.5   52.0  13:03   34.7  00:12   21.5    0.0   0.10    1.5   11.9  12:12    357
 14   42.8   52.0  14:55   34.0  07:25   22.2    0.0   0.00    1.8   15.0  11:05    279
 15   37.7   47.0  13:32   28.0  23:51   27.3    0.0   0.00    1.7   17.0  15:22    335
 16   33.7   46.0  14:52   19.0  06:31   31.3    0.0   0.00    3.6   16.0  14:02    146
 17   44.3   53.0  13:40   38.0  00:03   20.7    0.0   0.12    4.3   15.7  14:12    135
 18   35.2   41.0  10:44   30.0  00:00   29.8    0.0   0.02    1.5   16.0  11:44    198
 19   31.4   42.0  14:13   24.0  02:50   33.6    0.0   0.00    2.9   15.0  11:33    129
 20   29.2   42.0  14:26   20.0  03:34   35.8    0.0   0.00    1.1   11.0  10:35    122
 21   34.8   44.0  14:18   24.0  06:05   30.2    0.0   0.00    1.2   10.0  23:59    143
 22   46.8   51.0  18:02   40.0  00:09   18.2    0.0   0.02    8.6   19.0  08:30    134
 23   49.9   54.0  15:44   43.0  01:22   15.1    0.0   0.00    7.5   18.0  12:44    143
 24   45.4   57.0  14:07   37.0  07:06   19.6    0.0   0.00    1.1    9.0  11:56    135
 25   40.4   46.0  00:07   25.0  23:35   24.6    0.0   0.00    5.1   24.0  08:18    316
 26   34.1   50.0  15:00   22.0  04:26   30.9    0.0   0.00    2.9   14.0  16:00    142
 27   37.0   52.0  14:42   28.0  07:21   28.0    0.0   0.00    2.0   10.0  01:51    120
 28   39.5   49.0  15:25   34.0  00:33   25.5    0.0   0.00    0.8    9.0  15:45    232
 29   36.5   49.0  14:04   28.0  05:57   28.5    0.0   0.00    0.8   10.0  13:14    160
 30   37.1   47.0  14:07   30.0  00:35   27.9    0.0   0.00    7.8   27.0  18:32    329
---------------------------------------------------------------------------------------
      37.9   57.0     24   19.0     16  808.9    0.0   0.44    3.1   27.0     30    146
    
Updated: 12/05/2017 02:40:00 AM