Northwest Meridian, Idaho

43° 38.92' N | 116° 25.01' W | 2569 feet | Show on map

Climate Summary for September 2011

Last Updated 04/07/2018

Station:LaCrosse WS-2316
Software:WeeWX
Weewx uptime:NA
Server uptime:NA

                   MONTHLY CLIMATOLOGICAL SUMMARY FOR Sep 2011


NAME: Northwest Meridian, Idaho                  
ELEV: 2569 feet    LAT: 43-38.92 N    LONG: 116-25.01 W


                   TEMPERATURE (°F), RAIN (in), WIND SPEED (mph)

                                         HEAT   COOL         AVG
      MEAN                               DEG    DEG          WIND                   DOM
DAY   TEMP   HIGH   TIME    LOW   TIME   DAYS   DAYS   RAIN  SPEED   HIGH   TIME    DIR
---------------------------------------------------------------------------------------
 01   61.2   77.0  17:09   45.0  07:28    3.8    0.0   0.00    2.9   16.0  12:49    301
 02   63.2   81.0  17:34   46.0  06:22    1.8    0.0   0.00    1.6   15.0  16:34    300
 03   62.9   83.0  17:32   46.0  07:47    2.1    0.0   0.00    1.3    9.0  16:51    304
 04   65.7   89.0  18:25   45.0  06:59    0.0    0.7   0.00    0.9   10.0  13:02    337
 05   67.9   93.0  17:51   48.0  07:00    0.0    2.9   0.00    0.7    6.0  14:33    290
 06   71.5   93.0  18:42   53.0  06:17    0.0    6.5   0.00    1.0    9.0  11:42    201
 07   73.2   95.0  16:30   54.0  07:17    0.0    8.2   0.00    1.4   10.0  14:40    108
 08   72.3   91.0  17:14   55.0  06:31    0.0    7.3   0.00    1.2    8.0  16:34    179
 09   70.7   89.0  17:06   55.0  06:35    0.0    5.7   0.00    0.6    8.0  16:06    253
 10   71.9   93.0  17:52   54.0  06:01    0.0    6.9   0.00    1.5   12.0  18:12     48
 11   74.5   99.0  18:09   55.0  07:08    0.0    9.5   0.00    1.7   13.0  18:19     97
 12   75.4   90.0  15:22   60.0  07:21    0.0   10.4   0.00    2.4   17.0  19:22    125
 13   74.9   89.0  16:53   63.0  07:15    0.0    9.9   0.00    1.3    8.0  01:14     80
 14   72.7   90.0  16:39   60.0  07:54    0.0    7.7   0.00    0.9    9.0  12:08    193
 15   70.0   88.0  15:15   60.0  23:56    0.0    5.0   0.22    2.7   18.0  20:16    149
 16   62.1   74.0  17:31   53.0  06:57    2.9    0.0   0.00    2.1    9.0  04:37    328
 17   58.2   74.0  17:26   45.0  07:43    6.8    0.0   0.00    1.3    9.0  12:35    331
 18   64.8   82.0  17:43   52.0  07:51    0.2    0.0   0.00    1.2    9.0  17:13    359
 19   64.8   81.0  18:17   50.0  06:40    0.2    0.0   0.00    1.6   12.0  16:36      3
 20   63.3   81.0  16:54   48.0  07:08    1.7    0.0   0.00    0.9    9.0  18:14    318
 21   63.2   85.0  17:44   47.0  06:19    1.8    0.0   0.00    0.6    6.0  11:42    312
 22   65.8   89.0  16:45   46.0  07:49    0.0    0.8   0.00    0.6    6.0  15:24    328
 23   69.0   90.0  17:17   50.0  07:02    0.0    4.0   0.00    0.8    5.0  10:54    348
 24   71.2   95.0  17:38   51.0  07:56    0.0    6.2   0.00    1.0    9.0  01:53    120
 25   70.8   88.0  14:20   56.0  07:49    0.0    5.8   0.00    2.7   26.0  14:40    316
 26   63.1   82.0  16:43   47.0  07:42    1.9    0.0   0.00    0.6    6.0  12:12    360
 27   64.9   88.0  17:47   48.0  06:26    0.1    0.0   0.00    0.5    9.0  23:58    358
 28   61.2   75.0  17:21   51.0  08:10    3.8    0.0   0.00    2.0   10.0  15:10    292
 29   62.4   90.0  17:37   43.0  06:22    2.6    0.0   0.00    1.0   10.0  11:53    166
 30   67.8   90.0  17:44   51.0  06:53    0.0    2.8   0.00    0.5    7.0  15:44    353
---------------------------------------------------------------------------------------
      67.4   99.0     11   43.0     29   29.7  100.4   0.22    1.3   26.0     25    318
    
Updated: 12/05/2017 02:40:00 AM