Northwest Meridian, Idaho

43° 38.92' N | 116° 25.01' W | 2569 feet | Show on map

Climate Summary for August 2011

Last Updated 04/07/2018

Station:LaCrosse WS-2316
Software:WeeWX
Weewx uptime:NA
Server uptime:NA

                   MONTHLY CLIMATOLOGICAL SUMMARY FOR Aug 2011


NAME: Northwest Meridian, Idaho                  
ELEV: 2569 feet    LAT: 43-38.92 N    LONG: 116-25.01 W


                   TEMPERATURE (°F), RAIN (in), WIND SPEED (mph)

                                         HEAT   COOL         AVG
      MEAN                               DEG    DEG          WIND                   DOM
DAY   TEMP   HIGH   TIME    LOW   TIME   DAYS   DAYS   RAIN  SPEED   HIGH   TIME    DIR
---------------------------------------------------------------------------------------
 01   81.4   99.0  18:36   68.0  06:20    0.0   16.4   0.00    1.6   10.0  00:56    137
 02   82.0   99.0  16:58   69.0  06:27    0.0   17.0   0.00    3.7   14.0  17:48    155
 03   81.3   99.0  17:52   62.0  06:20    0.0   16.3   0.00    2.2    9.0  00:09     62
 04   74.6   89.0  16:44   62.0  05:33    0.0    9.6   0.00    2.6   16.0  07:23     26
 05   78.3   95.0  18:08   65.0  06:36    0.0   13.3   0.00    1.5   10.0  10:56    244
 06   77.9   96.0  17:51   60.0  06:20    0.0   12.9   0.00    1.6   10.0  10:10    117
 07   78.3   95.0  18:02   65.0  06:31    0.0   13.3   0.00    1.7   14.0  11:12    342
 08   76.2   95.0  18:20   59.0  05:58    0.0   11.2   0.00    2.2   13.0  21:20    326
 09   76.2   93.0  17:16   58.0  07:01    0.0   11.2   0.00    1.3    9.0  13:14    328
 10   74.7   95.0  18:08   55.0  06:52    0.0    9.7   0.00    2.0   11.0  16:48    338
 11   71.2   87.0  17:42   55.0  06:45    0.0    6.2   0.00    2.0   10.0  14:10    343
 12   72.8   94.0  17:04   52.0  06:33    0.0    7.8   0.00    0.9    9.0  17:24    357
 13   74.2   92.0  19:00   56.0  07:28    0.0    9.2   0.00    0.6    6.0  12:54    357
 14   77.0   96.0  18:53   58.0  06:52    0.0   12.0   0.00    1.9   10.0  16:23    352
 15   70.1   84.0  18:34   57.0  06:28    0.0    5.1   0.00    2.7   16.0  18:04    333
 16   70.5   91.0  17:16   51.0  06:50    0.0    5.5   0.00    1.0    7.0  17:47    315
 17   73.7   97.0  17:56   54.0  07:07    0.0    8.7   0.00    1.2    9.0  18:46    334
 18   73.5   90.0  16:44   55.0  07:17    0.0    8.5   0.00    2.3   15.0  17:14    324
 19   71.2   91.0  17:29   51.0  07:26    0.0    6.2   0.00    1.6   10.0  12:24    294
 20   72.9   92.0  16:00   55.0  06:33    0.0    7.9   0.00    1.0    7.0  17:30    257
 21   76.7   97.0  17:50   58.0  07:08    0.0   11.7   0.00    1.7    9.0  05:48    318
 22   78.9   99.0  17:53   60.0  07:11    0.0   13.9   0.00    1.5    9.0  15:52     18
 23   76.5   97.0  18:25   58.0  07:10    0.0   11.5   0.00    1.8   10.0  10:32    327
 24   76.7   98.0  18:12   56.0  07:31    0.0   11.7   0.00    1.8   12.0  21:53    326
 25   80.2   98.0  18:29   65.0  06:47    0.0   15.2   0.00    2.4    9.0  04:05    334
 26   78.3   98.0  17:30   59.0  07:39    0.0   13.3   0.00    1.1    9.0  18:30    308
 27   76.3   95.0  18:23   62.0  05:42    0.0   11.3   0.00    1.2   16.0  12:22     66
 28   77.7   99.0  16:38   60.0  07:16    0.0   12.7   0.04    0.9   12.0  17:38     43
 29   75.7   91.0  17:35   60.0  07:17    0.0   10.7   0.00    1.8   10.0  15:45    360
 30   73.4   92.0  16:50   56.0  06:06    0.0    8.4   0.00    1.5    8.1  15:14    320
 31   66.3   79.0  16:46   54.0  07:21    0.0    1.3   0.00    3.3   14.0  10:51    322
---------------------------------------------------------------------------------------
      75.6   99.0     01   51.0     16    0.0  329.7   0.04    1.8   16.0     04    333
    
Updated: 12/05/2017 02:40:00 AM