Northwest Meridian, Idaho

43° 38.92' N | 116° 25.01' W | 2569 feet | Show on map

Climate Summary for July 2011

Last Updated 04/07/2018

Station:LaCrosse WS-2316
Software:WeeWX
Weewx uptime:NA
Server uptime:NA

                   MONTHLY CLIMATOLOGICAL SUMMARY FOR Jul 2011


NAME: Northwest Meridian, Idaho                  
ELEV: 2569 feet    LAT: 43-38.92 N    LONG: 116-25.01 W


                   TEMPERATURE (°F), RAIN (in), WIND SPEED (mph)

                                         HEAT   COOL         AVG
      MEAN                               DEG    DEG          WIND                   DOM
DAY   TEMP   HIGH   TIME    LOW   TIME   DAYS   DAYS   RAIN  SPEED   HIGH   TIME    DIR
---------------------------------------------------------------------------------------
 01   67.0   83.0  17:35   50.0  06:03    0.0    2.0   0.00    2.3   11.0  14:35    318
 02   73.3   98.0  18:18   50.0  06:06    0.0    8.3   0.00    1.2    9.0  14:07      0
 03   76.0   92.0  18:01   58.0  06:20    0.0   11.0   0.00    2.8   14.0  14:20    326
 04   76.0   96.0  20:00   55.0  06:08    0.0   11.0   0.00    1.8   13.0  14:30    292
 05   77.0   95.0  20:06   60.0  06:11    0.0   12.0   0.00    2.6   12.0  14:42    300
 06   78.3  100.0  18:21   57.0  06:08    0.0   13.3   0.00    1.5   10.0  16:31    304
 07   74.4   95.0  15:29   62.0  06:23    0.0    9.4   0.08    2.6   21.0  16:29    140
 08   69.7   83.0  19:18   56.0  05:59    0.0    4.7   0.00    3.7   14.0  16:55    332
 09   70.6   92.0  20:16   48.0  06:04    0.0    5.6   0.00    1.4   12.0  18:44    346
 10   73.2   90.0  16:58   54.0  06:43    0.0    8.2   0.00    1.8   14.0  16:48    321
 11   76.4   94.0  18:02   57.0  06:10    0.0   11.4   0.00    2.0   11.0  18:42    333
 12   76.7   95.0  17:26   59.0  06:35    0.0   11.7   0.00    1.7    9.0  12:45    323
 13   70.7   83.0  16:09   62.0  05:14    0.0    5.7   0.00    4.7   17.0  19:10    320
 14   69.5   84.0  17:54   57.0  06:36    0.0    4.5   0.00    2.7   12.0  04:56    317
 15   70.4   87.0  17:35   54.0  06:16    0.0    5.4   0.00    1.9   11.0  14:44    286
 16   73.3   85.0  14:37   58.0  06:36    0.0    8.3   0.00    2.2   22.0  02:15    316
 17   75.2   96.0  19:04   54.0  06:27    0.0   10.2   0.00    2.2   11.0  10:30    261
 18   76.5   97.0  18:09   57.0  06:27    0.0   11.5   0.00    1.6   10.0  18:59    335
 19   71.5   83.0  15:28   58.0  05:40    0.0    6.5   0.00    3.4   17.0  19:08    313
 20   67.4   83.0  17:50   52.0  06:39    0.0    2.4   0.00    2.1   12.0  18:20    332
 21   72.2   90.0  18:10   53.0  06:38    0.0    7.2   0.00    2.0   12.0  13:30    329
 22   70.0   85.0  20:17   58.0  06:45    0.0    5.0   0.00    3.5   15.0  10:15    317
 23   71.9   94.0  17:10   50.0  06:29    0.0    6.9   0.00    1.0    8.0  18:50    316
 24   78.4   99.0  16:02   57.0  06:01    0.0   13.4   0.00    1.8   10.0  14:22    337
 25   81.4  101.0  17:47   64.0  06:32    0.0   16.4   0.00    3.0   20.0  23:18    329
 26   71.2   84.0  16:42   57.0  06:49    0.0    6.2   0.00    3.9   13.0  03:59    318
 27   71.0   87.0  17:25   54.0  06:23    0.0    6.0   0.00    2.5   11.0  15:54    345
 28   72.3   91.0  16:52   53.0  06:57    0.0    7.3   0.00    1.9   11.0  18:32    320
 29   76.1   99.0  18:02   53.0  06:37    0.0   11.1   0.00    1.0    9.0  19:12      1
 30   78.5   98.0  17:15   61.0  06:53    0.0   13.5   0.00    2.8   21.0  19:55    250
 31   82.3  101.0  17:36   68.0  07:05    0.0   17.3   0.00    4.5   20.0  19:06    159
---------------------------------------------------------------------------------------
      73.8  101.0     25   48.0     09    0.0  273.5   0.08    2.4   22.0     16    319
    
Updated: 12/05/2017 02:40:00 AM