Northwest Meridian, Idaho

43° 38.92' N | 116° 25.01' W | 2569 feet | Show on map

Climate Summary for June 2011

Last Updated 04/07/2018

Station:LaCrosse WS-2316
Software:WeeWX
Weewx uptime:NA
Server uptime:NA

                   MONTHLY CLIMATOLOGICAL SUMMARY FOR Jun 2011


NAME: Northwest Meridian, Idaho                  
ELEV: 2569 feet    LAT: 43-38.92 N    LONG: 116-25.01 W


                   TEMPERATURE (°F), RAIN (in), WIND SPEED (mph)

                                         HEAT   COOL         AVG
      MEAN                               DEG    DEG          WIND                   DOM
DAY   TEMP   HIGH   TIME    LOW   TIME   DAYS   DAYS   RAIN  SPEED   HIGH   TIME    DIR
---------------------------------------------------------------------------------------
 01   57.7   67.0  16:07   50.0  23:34    7.3    0.0   0.02    5.9   21.0  20:28    310
 02   50.0   56.0  12:59   44.0  05:44   15.0    0.0   0.06    4.4   20.4  12:14    291
 03   58.6   77.0  18:36   42.0  05:11    6.4    0.0   0.00    2.1   16.0  16:35    153
 04   62.3   78.0  16:18   43.0  06:17    2.7    0.0   0.00    1.7    9.2  18:14    346
 05   67.1   84.0  17:07   49.0  06:03    0.0    2.1   0.00    2.4   15.0  18:07    345
 06   63.8   70.0  12:07   56.0  23:58    1.2    0.0   0.04    5.4   20.0  12:57    313
 07   62.3   79.0  19:11   54.0  04:19    2.7    0.0   0.02    3.1   14.0  13:00    290
 08   56.8   70.0  18:21   46.0  23:54    8.2    0.0   0.14    6.0   38.0  19:21    313
 09   56.1   75.0  19:42   44.0  01:54    8.9    0.0   0.00    2.6   13.0  16:42    347
 10   58.8   69.0  14:14   45.0  05:43    6.2    0.0   0.00    1.9   11.0  14:14    331
 11   60.6   75.0  15:56   47.0  05:26    4.4    0.0   0.00    2.4   17.0  20:37    316
 12   64.0   81.0  18:30   51.0  02:58    1.0    0.0   0.00    1.8   11.0  13:50    350
 13   66.5   79.0  18:16   56.0  06:11    0.0    1.5   0.02    2.9   19.0  16:55    354
 14   65.1   82.0  18:59   50.0  06:17    0.0    0.1   0.00    3.0   12.0  10:28    334
 15   57.7   67.0  15:24   49.0  06:10    7.3    0.0   0.00    5.7   21.0  12:50    322
 16   56.7   70.0  20:51   42.0  06:12    8.3    0.0   0.00    4.7   19.0  15:23    320
 17   63.0   82.0  18:42   43.0  06:22    2.0    0.0   0.00    1.5   11.0  20:12    358
 18   58.8   68.0  11:38   53.0  05:53    6.2    0.0   0.10    1.6   13.0  14:39    340
 19   61.7   73.0  18:04   50.0  06:33    3.3    0.0   0.02    5.6   21.0  16:44    313
 20   65.9   84.0  20:51   48.0  06:05    0.0    0.9   0.00    2.1   15.0  16:59    331
 21   72.6   91.0  18:56   52.0  06:24    0.0    7.6   0.00    1.3    9.0  16:05    349
 22   77.1   98.0  18:28   57.0  06:07    0.0   12.1   0.06    1.9   14.0  21:48    345
 23   73.8   86.0  17:07   60.0  06:09    0.0    8.8   0.00    4.4   16.0  21:08    334
 24   64.0   78.0  18:40   50.0  05:59    1.0    0.0   0.00    4.1   13.0  11:29    323
 25   63.6   77.0  16:15   48.0  06:03    1.4    0.0   0.00    2.7   13.0  17:25    330
 26   66.2   82.0  17:25   49.0  06:44    0.0    1.2   0.00    2.2   13.0  13:45    339
 27   74.4  100.0  19:51   52.0  04:56    0.0    9.4   0.00    2.1   14.0  15:59    128
 28   78.8   92.0  16:06   63.0  06:35    0.0   13.8   0.02    3.5   20.0  21:56    328
 29   69.0   83.0  17:30   61.0  05:29    0.0    4.0   0.14    3.8   20.0  00:47    338
 30   67.0   79.0  18:32   56.0  03:51    0.0    2.0   0.00    3.6   16.0  15:42    322
---------------------------------------------------------------------------------------
      64.1  100.0     27   42.0     03   93.5   63.5   0.64    3.2   38.0     08    325
    
Updated: 12/05/2017 02:40:00 AM