Northwest Meridian, Idaho

43° 38.92' N | 116° 25.01' W | 2569 feet | Show on map

Climate Summary for April 2011

Last Updated 04/07/2018

Station:LaCrosse WS-2316
Software:WeeWX
Weewx uptime:NA
Server uptime:NA

                   MONTHLY CLIMATOLOGICAL SUMMARY FOR Apr 2011


NAME: Northwest Meridian, Idaho                  
ELEV: 2569 feet    LAT: 43-38.92 N    LONG: 116-25.01 W


                   TEMPERATURE (°F), RAIN (in), WIND SPEED (mph)

                                         HEAT   COOL         AVG
      MEAN                               DEG    DEG          WIND                   DOM
DAY   TEMP   HIGH   TIME    LOW   TIME   DAYS   DAYS   RAIN  SPEED   HIGH   TIME    DIR
---------------------------------------------------------------------------------------
 01   54.3   74.0  17:09   38.0  07:48   10.7    0.0   0.00    1.8    9.0  13:28     79
 02   47.5   58.0  00:04   35.0  23:38   17.5    0.0   0.06    8.4   30.0  09:44    319
 03   39.3   50.0  16:00   29.0  05:39   25.7    0.0   0.00    5.6   19.0  10:59    323
 04   46.7   57.0  16:34   35.0  01:02   18.3    0.0   0.00    4.6   12.0  09:53    132
 05   48.1   54.0  15:41   38.0  23:52   16.9    0.0   0.22    6.7   19.0  16:41    332
 06   39.4   53.0  16:14   29.0  05:23   25.6    0.0   0.08    2.9   15.0  17:54    165
 07   41.1   50.0  16:26   34.0  08:15   23.9    0.0   0.02    6.4   19.0  22:37    331
 08   41.8   51.0  14:09   31.0  07:38   23.2    0.0   0.00    7.8   20.0  19:19    316
 09   44.3   55.0  16:21   36.0  06:30   20.7    0.0   0.00    4.3   21.0  15:31    309
 10   45.8   61.0  15:44   29.0  05:53   19.2    0.0   0.00    1.3    9.0  11:43     53
 11   51.9   62.0  16:18   41.0  23:49   13.1    0.0   0.00    4.5   17.0  13:38    171
 12   46.0   63.0  17:57   32.0  07:00   19.0    0.0   0.00    2.5   10.1  12:14    313
 13   47.0   57.0  16:20   39.0  04:18   18.0    0.0   0.00    3.6   19.0  15:10    303
 14   43.5   57.0  17:29   29.0  07:08   21.5    0.0   0.00    2.2   13.0  12:18    323
 15   48.7   59.0  13:54   38.0  01:50   16.3    0.0   0.00    3.8   14.0  15:14    154
 16   55.5   69.0  15:45   44.0  05:32    9.5    0.0   0.24    2.0   16.0  13:55    296
 17   53.6   62.0  15:35   47.0  04:44   11.4    0.0   0.02    3.1   10.0  10:14    331
 18   47.5   56.0  17:29   39.0  23:42   17.5    0.0   0.08    5.3   19.0  17:59    329
 19   40.9   54.0  16:55   28.0  06:23   24.1    0.0   0.00    3.0   13.0  15:45    329
 20   43.8   54.0  15:08   32.0  02:56   21.2    0.0   0.06    4.7   17.0  17:48    145
 21   44.8   51.0  17:00   36.0  23:31   20.2    0.0   0.20    7.9   29.0  14:30    324
 22   41.0   57.0  18:43   26.0  07:22   24.0    0.0   0.00    1.8   12.0  15:42    324
 23   46.8   66.0  18:00   29.0  05:25   18.2    0.0   0.00    1.8   12.0  15:50    157
 24   48.4   64.0  17:12   34.0  05:11   16.6    0.0   0.00    2.9   17.0  13:42    204
 25   47.6   57.0  13:08   41.0  03:38   17.4    0.0   0.26    6.1   29.0  14:19    274
 26   45.1   57.0  19:10   35.0  07:10   19.9    0.0   0.00    5.0   17.4  11:14    309
 27   49.7   68.0  18:24   30.0  06:31   15.3    0.0   0.00    3.6   22.0  22:35    137
 28   44.6   53.0  00:05   34.0  23:58   20.4    0.0   0.10    4.6   24.0  11:46    322
 29   41.2   54.0  16:59   32.0  02:08   23.8    0.0   0.02    6.7   22.0  18:49    314
 30   45.8   59.0  16:49   31.0  06:05   19.2    0.0   0.00    5.2   21.0  16:19    317
---------------------------------------------------------------------------------------
      46.0   74.0     01   26.0     22  568.5    0.0   1.36    4.4   30.0     02    315
    
Updated: 12/05/2017 02:40:00 AM