Northwest Meridian, Idaho

43° 38.92' N | 116° 25.01' W | 2569 feet | Show on map

Climate Summary for February 2011

Last Updated 04/07/2018

Station:LaCrosse WS-2316
Software:WeeWX
Weewx uptime:NA
Server uptime:NA

                   MONTHLY CLIMATOLOGICAL SUMMARY FOR Feb 2011


NAME: Northwest Meridian, Idaho                  
ELEV: 2569 feet    LAT: 43-38.92 N    LONG: 116-25.01 W


                   TEMPERATURE (°F), RAIN (in), WIND SPEED (mph)

                                         HEAT   COOL         AVG
      MEAN                               DEG    DEG          WIND                   DOM
DAY   TEMP   HIGH   TIME    LOW   TIME   DAYS   DAYS   RAIN  SPEED   HIGH   TIME    DIR
---------------------------------------------------------------------------------------
 01   23.8   32.0  15:30   17.0  23:22   41.2    0.0   0.00    4.2   21.0  01:20    320
 02   21.0   35.0  16:36   11.0  06:06   44.0    0.0   0.00    1.2    8.0  14:10    301
 03   28.1   36.0  15:44   16.0  07:57   36.9    0.0   0.00    1.9   12.0  17:14    317
 04   33.9   45.0  14:42   27.0  07:42   31.1    0.0   0.00    0.9    6.0  17:53    265
 05   38.4   50.0  14:56   29.0  03:44   26.6    0.0   0.00    4.7   22.0  13:06    318
 06   36.7   44.0  15:09   31.0  03:08   28.3    0.0   0.00    0.7    7.0  17:00    275
 07   35.4   45.0  15:00   27.0  07:29   29.6    0.0   0.00    4.9   23.0  14:50    311
 08   35.1   45.0  15:40   29.0  08:49   29.9    0.0   0.00    5.0   18.0  15:10    318
 09   28.7   40.0  14:33   21.0  05:22   36.3    0.0   0.00    1.8   10.0  14:03    308
 10   30.0   46.0  16:14   18.0  07:07   35.0    0.0   0.00    1.0    8.0  12:50    337
 11   33.8   54.0  16:17   21.0  04:46   31.2    0.0   0.00    1.0    9.0  16:07    159
 12   42.2   63.0  16:31   26.0  07:49   22.8    0.0   0.00    3.5   17.0  20:02    141
 13   48.4   60.0  16:02   40.0  07:59   16.6    0.0   0.00    2.6   16.0  21:43    139
 14   45.5   59.0  14:35   37.0  02:13   19.5    0.0   0.00    4.9   16.0  00:33    145
 15   53.8   66.0  13:57   43.0  00:47   11.2    0.0   0.00    6.9   22.0  15:08    153
 16   39.9   54.0  01:09   28.0  22:36   25.1    0.0   0.04    4.1   21.0  16:15    168
 17   34.4   44.0  14:02   23.0  06:06   30.6    0.0   0.16    4.4   16.0  14:42    140
 18   39.4   48.0  15:26   35.0  07:04   25.6    0.0   0.00    5.2   15.0  16:03    140
 19   34.3   39.0  12:29   31.0  08:18   30.7    0.0   0.02    1.8   11.0  23:30    297
 20   32.4   39.0  16:29   25.0  23:44   32.6    0.0   0.04    3.1   13.0  12:39    319
 21   33.1   47.0  16:44   23.0  01:45   31.9    0.0   0.00    1.2   11.0  16:34    122
 22   35.7   43.0  15:07   27.0  23:56   29.3    0.0   0.00    4.7   22.0  16:47    233
 23   32.2   39.0  13:22   26.0  01:56   32.8    0.0   0.00    2.6   18.0  13:32    192
 24   32.0   38.0  14:05   29.0  00:04   33.0    0.0   0.00    3.9   17.0  05:54    151
 25   28.5   33.0  13:23   19.0  23:55   36.5    0.0   0.00    6.3   19.0  16:12    317
 26   21.7   33.0  16:17   11.0  07:16   43.3    0.0   0.00    3.1   14.0  01:05    320
 27   30.8   46.0  15:49   17.0  06:28   34.2    0.0   0.00    4.2   21.0  00:00    142
 28   39.2   46.0  17:02   34.0  00:11   25.8    0.0   0.00    7.3   19.0  00:21    136
---------------------------------------------------------------------------------------
      34.9   66.0     15   11.0     02  851.5    0.0   0.26    3.4   23.0     07    179
    
Updated: 12/05/2017 02:40:00 AM