Northwest Meridian, Idaho

43° 38.92' N | 116° 25.01' W | 2569 feet | Show on map

Climate Summary for January 2011

Last Updated 04/07/2018

Station:LaCrosse WS-2316
Software:WeeWX
Weewx uptime:NA
Server uptime:NA

                   MONTHLY CLIMATOLOGICAL SUMMARY FOR Jan 2011


NAME: Northwest Meridian, Idaho                  
ELEV: 2569 feet    LAT: 43-38.92 N    LONG: 116-25.01 W


                   TEMPERATURE (°F), RAIN (in), WIND SPEED (mph)

                                         HEAT   COOL         AVG
      MEAN                               DEG    DEG          WIND                   DOM
DAY   TEMP   HIGH   TIME    LOW   TIME   DAYS   DAYS   RAIN  SPEED   HIGH   TIME    DIR
---------------------------------------------------------------------------------------
 01   16.1   30.0  16:13    8.0  08:52   48.9    0.0   0.00    1.1    8.0  15:53    172
 02   22.0   32.0  16:27   15.0  23:29   43.0    0.0   0.00    1.1    8.0  03:04    130
 03   17.2   30.0  15:31   10.0  07:00   47.8    0.0   0.00    0.9    8.0  12:51    179
 04   17.3   29.0  14:45    9.0  06:53   47.7    0.0   0.00    1.1    8.0  19:36    305
 05   21.6   29.0  14:18   15.0  00:06   43.4    0.0   0.00    0.9    9.0  18:03    287
 06   23.3   32.0  13:12   16.0  06:45   41.7    0.0   0.00    1.4   11.0  11:46    213
 07   22.9   34.0  15:52   16.0  07:04   42.1    0.0   0.00    1.0    9.0  14:02    269
 08   26.2   35.0  15:33   20.0  23:35   38.8    0.0   0.00    2.2   13.0  13:33    305
 09   24.7   35.0  16:19   16.0  04:05   40.3    0.0   0.00    1.2   10.0  14:19    338
 10   25.4   31.0  14:35   20.0  23:26   39.6    0.0   0.00    0.7    7.0  13:35      5
 11   22.0   31.0  15:58   12.0  06:36   43.0    0.0   0.00    4.5   17.0  19:49    138
 12   32.6   39.0  15:27   27.0  00:10   32.4    0.0   0.00    5.0   17.0  08:56    148
 13   33.6   40.0  16:16   27.0  02:34   31.4    0.0   0.28    1.4   10.0  07:35    129
 14   37.9   46.0  15:34   32.0  07:43   27.1    0.0   0.00    0.4    5.0  12:24    145
 15   33.4   39.0  16:04   31.0  04:23   31.6    0.0   0.14    1.0    8.0  13:50    322
 16   43.6   48.0  14:17   36.0  00:06   21.4    0.0   0.79    1.4    6.0  11:27    121
 17   43.6   54.0  14:00   32.0  23:31   21.4    0.0   0.00    2.9   21.0  11:50    289
 18   36.1   45.0  13:35   28.0  03:52   28.9    0.0   0.08    1.0    6.0  23:18    168
 19   33.1   40.0  16:00   27.0  23:21   31.9    0.0   0.02    5.0   21.0  12:59    310
 20   29.5   41.0  14:53   20.0  05:41   35.5    0.0   0.00    1.0    5.1  14:16    313
 21   32.6   39.0  13:36   29.0  02:35   32.4    0.0   0.08    0.5    6.0  14:26    251
 22   31.8   43.0  15:59   26.0  06:18   33.2    0.0   0.02    1.6   15.0  14:29    309
 23   31.6   44.0  16:49   25.0  02:13   33.4    0.0   0.00    1.1    9.0  14:49    288
 24   32.5   40.0  15:51   26.0  03:34   32.5    0.0   0.02    1.4   12.0  12:05    147
 25   32.8   43.0  15:24   28.0  06:53   32.2    0.0   0.02    1.2   10.0  13:04    306
 26   32.4   40.0  12:30   25.0  07:00   32.6    0.0   0.00    1.0    9.0  15:51    321
 27   37.1   44.0  13:41   33.0  03:00   27.9    0.0   0.00    2.1   11.0  11:01    155
 28   33.8   45.0  15:54   26.0  06:53   31.2    0.0   0.00    2.0   10.0  13:14    110
 29   31.6   41.0  14:48   25.0  07:26   33.4    0.0   0.00    1.4   12.0  12:36    169
 30   32.8   38.0  14:52   28.0  02:10   32.2    0.0   0.00    1.5   11.0  14:01    308
 31   32.7   39.0  12:38   26.0  23:59   32.3    0.0   0.00    5.5   21.0  14:38    322
---------------------------------------------------------------------------------------
      29.7   54.0     17    8.0     01 1091.4    0.0   1.45    1.8   21.0     17    273
    
Updated: 12/05/2017 02:40:00 AM