Northwest Meridian, Idaho

43° 38.92' N | 116° 25.01' W | 2569 feet | Show on map

Climate Summary for September 2010

Last Updated 04/07/2018

Station:LaCrosse WS-2316
Software:WeeWX
Weewx uptime:NA
Server uptime:NA

                   MONTHLY CLIMATOLOGICAL SUMMARY FOR Sep 2010


NAME: Northwest Meridian, Idaho                  
ELEV: 2569 feet    LAT: 43-38.92 N    LONG: 116-25.01 W


                   TEMPERATURE (°F), RAIN (in), WIND SPEED (mph)

                                         HEAT   COOL         AVG
      MEAN                               DEG    DEG          WIND                   DOM
DAY   TEMP   HIGH   TIME    LOW   TIME   DAYS   DAYS   RAIN  SPEED   HIGH   TIME    DIR
---------------------------------------------------------------------------------------
 01   66.4   80.0  17:18   58.0  02:04    0.0    1.4   0.00    2.1   12.0  18:58    325
 02   66.3   88.0  17:46   48.0  07:09    0.0    1.3   0.00    2.9   18.0  11:55    148
 03   70.5   93.0  17:28   53.0  04:27    0.0    5.5   0.00    1.7    9.0  10:48     85
 04   72.2   94.0  17:58   53.0  07:26    0.0    7.2   0.00    2.3   10.0  13:47    325
 05   58.9   68.0  00:08   49.0  06:49    6.1    0.0   0.03    7.6   24.0  15:30    314
 06   62.4   77.0  17:33   39.0  08:16    2.6    0.0   0.00    1.8   11.0  14:52     60
 07   63.5   83.0  15:11   50.0  02:14    1.5    0.0   0.00    4.4   15.0  08:30    147
 08   58.0   61.0  17:43   54.0  23:35    7.0    0.0   0.06    2.4   10.0  09:29    298
 09   56.4   66.0  16:15   50.0  05:17    8.6    0.0   0.00    3.6   17.0  14:00    305
 10   56.4   76.0  17:53   41.0  06:52    8.6    0.0   0.00    1.4   12.0  14:52      4
 11   62.6   86.0  16:48   43.0  07:16    2.4    0.0   0.00    1.5   10.0  13:17     63
 12   64.8   84.0  16:40   47.0  06:59    0.2    0.0   0.00    1.6    9.0  17:30    359
 13   65.6   86.0  15:57   47.0  07:32    0.0    0.6   0.00    1.3    8.0  18:18    240
 14   67.3   84.0  16:05   53.0  08:40    0.0    2.3   0.00    2.3   13.0  11:30    325
 15   68.3   91.0  17:44   50.0  05:28    0.0    3.3   0.00    2.1   14.0  13:44    139
 16   68.1   86.0  16:52   51.0  06:56    0.0    3.1   0.00    1.8   12.0  17:02      3
 17   68.1   84.0  16:16   53.0  07:05    0.0    3.1   0.00    1.4   12.0  18:09    297
 18   68.8   86.0  16:38   54.0  07:31    0.0    3.8   0.00    1.6   10.0  16:58    343
 19   65.4   81.0  17:01   51.0  07:49    0.0    0.4   0.00    3.0   21.0  21:41    272
 20   59.4   73.0  16:07   47.0  07:16    5.6    0.0   0.00    1.3    9.0  12:36      6
 21   58.8   74.0  15:59   45.0  07:28    6.2    0.0   0.00    2.3   14.0  16:49    310
 22   59.2   72.0  16:39   50.0  07:15    5.8    0.0   0.00    3.8   13.0  14:29    302
 23   58.1   79.0  17:34   41.0  07:41    6.9    0.0   0.00    1.0   11.0  14:21    359
 24   61.2   79.0  17:02   47.0  05:15    3.8    0.0   0.00    1.8   11.0  15:32    345
 25   66.0   93.0  17:26   47.0  07:05    0.0    1.0   0.00    1.3    8.0  15:16    129
 26   68.0   87.0  17:12   49.0  07:58    0.0    3.0   0.00    1.9   10.0  02:47     41
 27   66.8   90.0  17:24   52.0  06:35    0.0    1.8   0.00    0.8    6.0  13:21    219
 28   61.0   87.3  18:16   48.0  07:44    4.0    0.0   0.00    0.4    5.1  16:16    244
 29   65.2   87.0  17:33   49.0  07:22    0.0    0.2   0.00    0.8    8.0  15:03    324
 30   65.5   90.0  16:36   47.0  07:45    0.0    0.5   0.00    0.8    8.0  14:26    356
---------------------------------------------------------------------------------------
      64.0   94.0     04   39.0     06   69.4   38.5   0.09    2.1   24.0     05    319
    
Updated: 12/05/2017 02:40:00 AM