Northwest Meridian, Idaho

43° 38.92' N | 116° 25.01' W | 2569 feet | Show on map

Climate Summary for August 2010

Last Updated 04/07/2018

Station:LaCrosse WS-2316
Software:WeeWX
Weewx uptime:NA
Server uptime:NA

                   MONTHLY CLIMATOLOGICAL SUMMARY FOR Aug 2010


NAME: Northwest Meridian, Idaho                  
ELEV: 2569 feet    LAT: 43-38.92 N    LONG: 116-25.01 W


                   TEMPERATURE (°F), RAIN (in), WIND SPEED (mph)

                                         HEAT   COOL         AVG
      MEAN                               DEG    DEG          WIND                   DOM
DAY   TEMP   HIGH   TIME    LOW   TIME   DAYS   DAYS   RAIN  SPEED   HIGH   TIME    DIR
---------------------------------------------------------------------------------------
 01   76.6   93.0  17:54   60.0  06:48    0.0   11.6   0.00    3.6   15.0  15:53    333
 02   75.1   97.0  17:46   54.0  06:35    0.0   10.1   0.00    1.8    9.0  12:06    323
 03   77.7   98.0  17:37   57.0  06:52    0.0   12.7   0.00    1.9    9.0  11:13    312
 04   78.9   98.0  17:59   58.0  06:48    0.0   13.9   0.00    2.3    9.0  10:59    330
 05   79.1   97.0  16:14   60.0  06:32    0.0   14.1   0.00    1.9    9.0  19:04    304
 06   79.7   94.0  15:38   65.0  06:59    0.0   14.7   0.00    3.7   22.0  20:38    315
 07   76.3   90.0  18:04   62.0  06:59    0.0   11.3   0.00    3.0   14.0  16:34    333
 08   74.1   94.0  19:48   57.0  07:26    0.0    9.1   0.00    2.9   19.0  20:08    285
 09   76.1   92.0  16:35   64.0  07:04    0.0   11.1   0.04    2.9   16.0  20:55    173
 10   71.0   85.0  15:37   60.0  05:36    0.0    6.0   0.00    4.0   22.0  20:33    348
 11   62.2   70.0  18:43   56.0  23:33    2.8    0.0   0.16    2.3   21.0  06:24      6
 12   64.3   83.0  18:56   49.0  05:24    0.7    0.0   0.00    1.6   12.0  15:35    289
 13   70.2   87.0  16:06   55.0  05:35    0.0    5.2   0.00    2.6   15.0  17:17    325
 14   73.2   89.0  17:07   57.0  07:01    0.0    8.2   0.00    2.8   11.0  09:06    122
 15   73.9   91.0  16:27   56.0  06:16    0.0    8.9   0.00    2.3   12.0  14:37    237
 16   73.1   93.0  16:52   56.0  06:29    0.0    8.1   0.00    1.7   13.0  14:50    318
 17   82.8  104.0  18:18   57.0  06:27    0.0   17.8   0.00    1.5    9.0  16:08     82
 18   79.2   94.0  18:29   64.0  06:37    0.0   14.2   0.00    2.4   12.0  10:18    148
 19   75.2   92.0  16:21   58.0  06:50    0.0   10.2   0.00    2.0   21.0  00:39    321
 20   73.5   95.0  18:52   53.0  07:13    0.0    8.5   0.00    1.3    9.0  16:44    325
 21   78.5   97.0  16:53   59.0  07:12    0.0   13.5   0.00    3.7   22.0  20:54    151
 22   68.0   80.0  00:05   54.0  06:55    0.0    3.0   0.00    4.7   22.0  15:50    310
 23   62.1   79.0  17:55   47.0  07:34    2.9    0.0   0.00    2.1   10.0  12:44    300
 24   67.3   91.0  18:37   47.0  07:25    0.0    2.3   0.00    1.5   29.0  18:57     87
 25   73.4  100.0  18:50   51.0  07:29    0.0    8.4   0.00    1.5    8.0  16:50      4
 26   81.0  104.0  17:49   62.0  07:11    0.0   16.0   0.00    4.4   21.0  18:19    308
 27   63.5   76.0  16:41   51.0  07:10    1.5    0.0   0.00    4.4   20.0  01:50    308
 28   59.9   73.0  15:04   51.0  06:53    5.1    0.0   0.00    6.0   28.0  17:54    312
 29   57.7   73.0  18:21   50.0  04:29    7.3    0.0   0.02    3.2   14.0  14:20    317
 30   58.3   74.0  16:53   45.0  05:42    6.7    0.0   0.00    1.7   22.0  14:42    247
 31   61.7   77.0  17:00   51.0  05:47    3.3    0.0   0.00    1.9    9.2  14:16     62
---------------------------------------------------------------------------------------
      71.7  104.0     17   45.0     30   30.1  239.0   0.22    2.7   29.0     24    318
    
Updated: 12/05/2017 02:40:00 AM