Northwest Meridian, Idaho

43° 38.92' N | 116° 25.01' W | 2569 feet | Show on map

Climate Summary for July 2010

Last Updated 04/07/2018

Station:LaCrosse WS-2316
Software:WeeWX
Weewx uptime:NA
Server uptime:NA

                   MONTHLY CLIMATOLOGICAL SUMMARY FOR Jul 2010


NAME: Northwest Meridian, Idaho                  
ELEV: 2569 feet    LAT: 43-38.92 N    LONG: 116-25.01 W


                   TEMPERATURE (°F), RAIN (in), WIND SPEED (mph)

                                         HEAT   COOL         AVG
      MEAN                               DEG    DEG          WIND                   DOM
DAY   TEMP   HIGH   TIME    LOW   TIME   DAYS   DAYS   RAIN  SPEED   HIGH   TIME    DIR
---------------------------------------------------------------------------------------
 01   71.5   93.0  18:57   54.0  05:54    0.0    6.5   0.00    2.5   11.0  17:16    311
 02   63.7   74.0  15:55   53.0  23:26    1.3    0.0   0.06    6.0   24.0  21:26    318
 03   61.1   74.0  17:48   48.0  06:37    3.9    0.0   0.00    3.9   17.0  15:58    296
 04   66.5   85.0  20:05   50.0  05:02    0.0    1.5   0.00    3.4   12.0  13:34    312
 05   66.7   80.0  19:14   54.0  06:06    0.0    1.7   0.00    5.8   17.0  16:23    332
 06   67.3   83.0  18:23   50.0  06:35    0.0    2.3   0.00    2.8   10.0  16:03    275
 07   72.2   91.0  17:25   52.0  05:55    0.0    7.2   0.00    2.5   13.0  16:55     28
 08   76.8   93.0  17:12   56.0  06:11    0.0   11.8   0.00    2.0    9.0  11:31    286
 09   77.8   96.0  17:24   58.0  06:13    0.0   12.8   0.00    1.9   10.0  17:44    265
 10   80.9   95.0  17:03   65.0  06:33    0.0   15.9   0.00    3.2   11.0  02:05     20
 11   81.6   97.0  20:26   66.0  06:24    0.0   16.6   0.06    3.0   15.0  17:35     13
 12   77.7   94.0  17:11   61.0  06:32    0.0   12.7   0.00    3.5   25.0  07:43    332
 13   67.4   80.0  17:22   53.0  06:10    0.0    2.4   0.00    5.4   17.0  19:22    328
 14   66.1   86.0  20:24   48.0  05:53    0.0    1.1   0.00    2.4    9.0  02:23    302
 15   75.2   99.0  17:56   52.0  06:26    0.0   10.2   0.00    1.4    9.0  16:29     41
 16   81.6  103.0  17:39   59.0  06:18    0.0   16.6   0.00    1.8    9.0  11:29     29
 17   80.8  100.0  17:22   64.0  05:58    0.0   15.8   0.00    2.5   12.0  18:02    347
 18   79.4   94.0  15:35   60.0  06:24    0.0   14.4   0.00    3.6   17.0  18:35    342
 19   74.4   90.0  20:08   58.0  06:55    0.0    9.4   0.00    3.4   13.0  16:13    304
 20   78.1   95.0  17:42   53.0  06:19    0.0   13.1   0.00    2.2   13.0  18:17    349
 21   75.0   93.0  18:22   55.0  06:24    0.0   10.0   0.00    3.5   18.0  19:11    296
 22   77.2   98.0  19:00   56.0  06:38    0.0   12.2   0.00    1.9   12.0  13:50    319
 23   73.7   88.0  18:15   58.0  06:41    0.0    8.7   0.00    3.4   17.0  16:24    288
 24   75.5   97.0  20:11   55.0  07:02    0.0   10.5   0.00    1.6   22.0  00:31    275
 25   79.6  102.0  17:08   59.0  06:32    0.0   14.6   0.00    1.4    9.0  23:10    197
 26   81.1   96.0  18:25   73.0  06:51    0.0   16.1   0.00    2.1   14.0  14:34     90
 27   79.5   96.0  17:35   65.0  07:00    0.0   14.5   0.08    2.3   17.0  00:07     42
 28   76.1   89.0  15:43   64.0  05:14    0.0   11.1   0.00    3.7   23.0  10:42    305
 29   77.5   97.0  16:55   59.0  06:34    0.0   12.5   0.00    1.5    7.0  15:55    211
 30   80.8  100.0  19:45   62.0  05:57    0.0   15.8   0.00    2.0   10.0  13:54    354
 31   81.6   95.0  17:06   66.0  06:55    0.0   16.6   0.00    2.6   12.0  18:06    319
---------------------------------------------------------------------------------------
      75.0  103.0     16   48.0     03    5.2  314.8   0.20    2.9   25.0     12    319
    
Updated: 12/05/2017 02:40:00 AM