Northwest Meridian, Idaho

43° 38.92' N | 116° 25.01' W | 2569 feet | Show on map

Climate Summary for June 2010

Last Updated 04/07/2018

Station:LaCrosse WS-2316
Software:WeeWX
Weewx uptime:NA
Server uptime:NA

                   MONTHLY CLIMATOLOGICAL SUMMARY FOR Jun 2010


NAME: Northwest Meridian, Idaho                  
ELEV: 2569 feet    LAT: 43-38.92 N    LONG: 116-25.01 W


                   TEMPERATURE (°F), RAIN (in), WIND SPEED (mph)

                                         HEAT   COOL         AVG
      MEAN                               DEG    DEG          WIND                   DOM
DAY   TEMP   HIGH   TIME    LOW   TIME   DAYS   DAYS   RAIN  SPEED   HIGH   TIME    DIR
---------------------------------------------------------------------------------------
 01   61.8   73.0  17:18   52.0  05:50    3.2    0.0   0.00    2.1   12.0  19:48    307
 02   61.9   70.0  14:05   56.0  04:46    3.1    0.0   0.22    2.3   11.0  13:04    117
 03   63.3   73.0  16:02   56.0  05:01    1.7    0.0   0.02    2.5   15.0  00:14    319
 04   62.1   71.0  14:16   57.0  02:35    2.9    0.0   0.26    3.9   22.0  14:56    134
 05   63.9   76.0  18:12   52.0  06:28    1.1    0.0   0.00    2.1   16.0  00:08    287
 06   65.4   72.0  17:09   58.0  04:58    0.0    0.4   0.20    5.1   17.0  18:29    138
 07   66.7   78.0  20:26   56.0  07:02    0.0    1.7   0.00    4.2   16.0  15:11    325
 08   66.4   84.0  17:17   48.0  05:59    0.0    1.4   0.00    2.3    9.0  13:00    148
 09   68.8   85.0  18:57   59.0  23:58    0.0    3.8   0.02    3.4   13.0  16:22    110
 10   57.4   65.0  15:49   51.0  03:28    7.6    0.0   0.00    7.6   21.0  15:29    314
 11   58.5   71.0  18:13   43.0  06:21    6.5    0.0   0.00    8.4   23.0  16:03    321
 12   66.2   79.0  16:22   51.0  06:21    0.0    1.2   0.00    9.9   28.0  17:52    335
 13   68.5   84.0  18:30   49.0  06:39    0.0    3.5   0.00    2.4   15.0  14:10    303
 14   70.1   92.0  17:49   51.0  06:07    0.0    5.1   0.00    2.1   16.0  23:59    323
 15   63.8   77.0  17:48   51.0  05:47    1.2    0.0   0.02    4.8   13.0  23:09    321
 16   55.6   65.0  17:42   48.0  05:41    9.4    0.0   0.00    6.9   23.0  18:42    304
 17   56.0   73.0  18:25   40.0  05:43    9.0    0.0   0.00    2.2   12.0  19:25    358
 18   64.4   88.0  18:06   43.0  06:15    0.6    0.0   0.00    1.9   11.0  18:26    104
 19   68.7   84.0  16:14   53.0  06:23    0.0    3.7   0.00    2.4   13.0  12:44    301
 20   60.6   70.0  14:29   53.0  05:28    4.4    0.0   0.12    5.5   21.0  12:49    312
 21   60.6   75.0  17:52   46.0  06:11    4.4    0.0   0.02    2.8   12.0  13:12    341
 22   66.6   85.0  18:29   49.0  06:08    0.0    1.6   0.00    2.4   11.0  17:09    326
 23   75.1   97.0  17:50   54.0  05:49    0.0   10.1   0.00    2.2   14.0  15:09    133
 24   73.7   90.0  18:05   61.0  05:41    0.0    8.7   0.00    2.7   17.0  20:35    299
 25   69.3   79.0  16:02   61.0  05:44    0.0    4.3   0.00    2.8   27.0  18:13    315
 26   73.9   88.0  17:22   53.2  07:16    0.0    8.9   0.00    2.4   14.0  18:22    356
 27   73.3   91.0  20:39   54.0  05:57    0.0    8.3   0.00    2.6   14.0  15:08    337
 28   78.1  106.0  18:19   56.0  06:36    0.0   13.1   0.00    3.6   23.0  21:29    357
 29   77.2   98.0  18:52   61.0  06:57    0.0   12.2   0.02    3.2   20.0  19:53     60
 30   70.0   84.0  18:35   55.0  07:21    0.0    5.0   0.00    4.8   18.0  18:05    307
---------------------------------------------------------------------------------------
      66.3  106.0     28   40.0     17   55.2   93.0   0.90    3.7   28.0     12    324
    
Updated: 12/05/2017 02:40:00 AM