Northwest Meridian, Idaho

43° 38.92' N | 116° 25.01' W | 2569 feet | Show on map

Climate Summary for April 2010

Last Updated 04/07/2018

Station:LaCrosse WS-2316
Software:WeeWX
Weewx uptime:NA
Server uptime:NA

                   MONTHLY CLIMATOLOGICAL SUMMARY FOR Apr 2010


NAME: Northwest Meridian, Idaho                  
ELEV: 2569 feet    LAT: 43-38.92 N    LONG: 116-25.01 W


                   TEMPERATURE (°F), RAIN (in), WIND SPEED (mph)

                                         HEAT   COOL         AVG
      MEAN                               DEG    DEG          WIND                   DOM
DAY   TEMP   HIGH   TIME    LOW   TIME   DAYS   DAYS   RAIN  SPEED   HIGH   TIME    DIR
---------------------------------------------------------------------------------------
 01   37.1   46.0  15:40   30.0  06:29   27.9    0.0   0.06    3.2   19.0  18:11    342
 02   35.4   46.0  12:22   27.0  04:01   29.6    0.0   0.22    6.3   28.0  13:53    141
 03   39.2   46.0  14:28   33.0  07:17   25.8    0.0   0.02    4.5   19.0  10:17    287
 04   40.0   52.0  16:40   25.0  07:29   25.0    0.0   0.00    5.7   22.0  12:00    137
 05   43.7   50.0  16:03   36.0  23:54   21.3    0.0   0.04    5.9   18.0  15:23    250
 06   42.5   53.0  16:06   29.0  07:15   22.5    0.0   0.00    4.3   19.0  12:05    321
 07   44.3   63.0  17:38   28.0  06:47   20.7    0.0   0.00    2.2   11.0  14:58     66
 08   46.2   52.0  14:53   36.0  23:34   18.8    0.0   0.00   10.6   29.0  15:43    343
 09   37.3   51.0  16:56   24.0  07:25   27.7    0.0   0.00    3.0   14.0  14:06    307
 10   43.1   62.0  18:15   26.0  05:13   21.9    0.0   0.00    2.2   13.0  09:54    122
 11   49.4   60.0  14:57   38.0  07:06   15.6    0.0   0.00    1.5    9.0  21:07    212
 12   47.0   57.0  17:39   39.0  23:52   18.0    0.0   0.20    2.9   12.0  08:59    103
 13   44.8   58.0  15:53   32.0  05:02   20.2    0.0   0.00    2.3   20.0  16:13    350
 14   50.8   70.0  18:04   34.0  07:11   14.2    0.0   0.00    1.9   11.0  15:14    123
 15   57.0   77.0  17:41   40.0  07:20    8.0    0.0   0.00    2.6   12.0  17:21    132
 16   58.4   78.0  15:49   43.0  04:20    6.6    0.0   0.00    2.9   19.0  19:49    351
 17   58.0   75.0  16:32   41.0  06:31    7.0    0.0   0.00    2.1   18.0  08:51      9
 18   58.3   77.0  16:48   40.0  07:07    6.7    0.0   0.00    2.2    9.2  20:17    325
 19   61.5   87.0  17:30   41.0  06:50    3.5    0.0   0.00    2.0   10.0  13:51     53
 20   61.2   82.0  15:12   46.0  06:41    3.8    0.0   0.37    3.1   27.0  18:32    193
 21   52.2   60.0  17:34   48.0  02:03   12.8    0.0   0.10    5.4   17.0  23:54    323
 22   52.6   63.0  18:08   44.0  04:36   12.4    0.0   0.00    9.8   26.0  16:47    322
 23   51.7   63.0  18:23   40.0  06:51   13.3    0.0   0.00    7.9   22.0  03:21    316
 24   51.1   63.0  14:04   38.0  05:14   13.9    0.0   0.00    4.9   20.0  16:14    330
 25   48.1   61.0  18:17   36.0  06:36   16.9    0.0   0.00    4.1   16.0  15:37    316
 26   56.8   76.0  17:00   37.0  06:17    8.2    0.0   0.00    5.1   17.0  23:10    138
 27   59.5   68.0  15:17   47.0  23:18    5.5    0.0   0.14    8.0   24.0  12:37    184
 28   44.5   53.0  14:50   37.0  23:11   20.5    0.0   0.00    6.2   20.0  10:49    259
 29   42.6   52.0  16:50   32.0  04:49   22.4    0.0   0.00    6.6   27.0  18:41    322
 30   46.8   56.0  16:36   39.0  06:32   18.2    0.0   0.00    7.9   23.0  10:42    324
---------------------------------------------------------------------------------------
      48.7   87.0     19   24.0     09  489.1    0.0   1.15    4.6   29.0     08    316
    
Updated: 12/05/2017 02:40:00 AM