Northwest Meridian, Idaho

43° 38.92' N | 116° 25.01' W | 2569 feet | Show on map

Climate Summary for March 2010

Last Updated 04/07/2018

Station:LaCrosse WS-2316
Software:WeeWX
Weewx uptime:NA
Server uptime:NA

                   MONTHLY CLIMATOLOGICAL SUMMARY FOR Mar 2010


NAME: Northwest Meridian, Idaho                  
ELEV: 2569 feet    LAT: 43-38.92 N    LONG: 116-25.01 W


                   TEMPERATURE (°F), RAIN (in), WIND SPEED (mph)

                                         HEAT   COOL         AVG
      MEAN                               DEG    DEG          WIND                   DOM
DAY   TEMP   HIGH   TIME    LOW   TIME   DAYS   DAYS   RAIN  SPEED   HIGH   TIME    DIR
---------------------------------------------------------------------------------------
 01   44.2   61.0  14:58   30.0  07:47   20.8    0.0   0.00    5.8   19.0  15:28    143
 02   46.8   59.0  16:21   38.0  06:40   18.2    0.0   0.00    4.9   17.0  03:39    143
 03   48.6   63.0  15:43   41.0  07:12   16.4    0.0   0.18    3.0   12.0  11:53    139
 04   42.5   47.0  17:05   40.0  07:04   22.5    0.0   0.24    2.2   11.0  17:51    294
 05   44.5   56.0  16:34   34.0  07:33   20.5    0.0   0.00    2.6   11.0  10:14    321
 06   44.1   59.0  16:27   32.0  06:26   20.9    0.0   0.00    1.9    8.0  09:16    128
 07   45.5   61.0  16:00   33.0  07:09   19.5    0.0   0.00    1.3   13.0  13:10    270
 08   40.7   52.0  11:38   36.0  06:19   24.3    0.0   0.14    4.2   20.0  15:59    307
 09   35.4   43.0  15:12   30.0  06:51   29.6    0.0   0.00    7.8   21.0  11:32    311
 10   35.0   46.0  15:24   25.0  06:53   30.0    0.0   0.00    3.4   21.0  14:34    322
 11   39.7   55.0  15:36   25.0  03:35   25.3    0.0   0.00    4.5   16.0  10:56    136
 12   47.7   55.0  12:41   38.0  00:38   17.3    0.0   0.00   10.0   26.0  10:41    145
 13   38.5   46.0  00:02   33.0  02:42   26.5    0.0   0.43   10.3   28.0  13:55    312
 14   36.4   53.0  18:20   27.0  08:01   28.6    0.0   0.00    2.6   14.0  00:26    311
 15   43.8   62.0  16:53   28.0  08:02   21.2    0.0   0.00    3.5   18.0  17:23    140
 16   51.8   71.0  17:04   36.0  07:43   13.2    0.0   0.00    6.0   19.0  14:04    139
 17   50.8   61.0  15:46   40.0  08:35   14.2    0.0   0.00    4.9   17.0  18:46    313
 18   44.4   55.0  16:39   33.0  07:58   20.6    0.0   0.00   10.2   29.0  11:48    319
 19   42.4   55.0  16:41   30.0  07:30   22.6    0.0   0.00    4.1   14.0  12:21    308
 20   45.8   64.0  17:13   29.0  08:23   19.2    0.0   0.00    4.9   19.0  13:03    140
 21   47.4   60.0  15:56   33.0  07:05   17.6    0.0   0.02    3.6   22.0  01:04    115
 22   43.6   52.0  14:45   37.0  23:46   21.4    0.0   0.00    4.1   19.0  13:35    319
 23   40.7   55.0  16:57   29.0  05:46   24.3    0.0   0.00    3.0   14.0  13:27    313
 24   45.0   61.0  15:29   29.0  07:49   20.0    0.0   0.00    4.5   20.0  11:59    139
 25   46.6   54.0  17:32   42.0  11:51   18.4    0.0   0.22    5.5   18.0  11:11    189
 26   42.3   49.0  18:05   34.0  23:59   22.7    0.0   0.00    3.8   22.0  07:43    289
 27   42.2   61.0  16:54   26.0  07:33   22.8    0.0   0.00    2.3   15.0  16:14    140
 28   49.3   63.0  17:11   35.0  05:36   15.7    0.0   0.00    5.7   20.0  13:22    142
 29   56.7   64.0  13:28   47.0  23:49    8.3    0.0   0.02    8.2   32.0  21:29    170
 30   42.0   50.0  17:53   35.0  12:43   23.0    0.0   0.49    4.4   21.0  18:03    225
 31   40.1   55.0  16:36   30.0  06:45   24.9    0.0   0.00    2.7   17.0  17:46    306
---------------------------------------------------------------------------------------
      44.0   71.0     16   25.0     10  650.4    0.0   1.74    4.7   32.0     29    213
    
Updated: 12/05/2017 02:40:00 AM