Northwest Meridian, Idaho

43° 38.92' N | 116° 25.01' W | 2569 feet | Show on map

Climate Summary for February 2010

Last Updated 04/07/2018

Station:LaCrosse WS-2316
Software:WeeWX
Weewx uptime:NA
Server uptime:NA

                   MONTHLY CLIMATOLOGICAL SUMMARY FOR Feb 2010


NAME: Northwest Meridian, Idaho                  
ELEV: 2569 feet    LAT: 43-38.92 N    LONG: 116-25.01 W


                   TEMPERATURE (°F), RAIN (in), WIND SPEED (mph)

                                         HEAT   COOL         AVG
      MEAN                               DEG    DEG          WIND                   DOM
DAY   TEMP   HIGH   TIME    LOW   TIME   DAYS   DAYS   RAIN  SPEED   HIGH   TIME    DIR
---------------------------------------------------------------------------------------
 01   34.8   41.0  15:23   32.0  21:34   30.2    0.0   0.00    1.4    7.0  13:03     57
 02   36.8   48.0  16:39   32.0  00:04   28.2    0.0   0.00    0.8    5.1  15:18     55
 03   34.4   44.0  14:36   29.0  03:30   30.6    0.0   0.04    1.5    9.0  11:16    281
 04   36.6   44.0  16:27   33.0  02:05   28.4    0.0   0.00    2.5   12.0  13:37    161
 05   42.3   55.0  16:56   37.0  05:44   22.7    0.0   0.20    6.5   17.0  12:35    153
 06   37.8   46.0  14:57   32.0  08:10   27.2    0.0   0.02    2.5   11.0  08:50     87
 07   37.0   44.0  13:59   31.0  23:35   28.0    0.0   0.00    2.4   15.0  15:29    316
 08   34.2   44.0  15:17   25.0  05:36   30.8    0.0   0.00    1.0    6.0  12:06    190
 09   38.5   50.0  16:32   34.0  05:48   26.5    0.0   0.00    3.5   12.0  10:09    141
 10   39.9   49.0  14:44   34.0  05:43   25.1    0.0   0.00    3.2   14.0  12:14    137
 11   43.3   50.0  13:26   37.0  07:56   21.7    0.0   0.00    3.4    9.0  09:56    138
 12   45.0   56.0  14:53   37.0  05:34   20.0    0.0   0.10    2.3   15.0  21:54    145
 13   43.5   51.0  16:25   39.0  06:24   21.5    0.0   0.14    1.3    7.0  03:04      1
 14   42.1   52.0  14:28   35.0  03:47   22.9    0.0   0.00    4.7   16.0  10:47    148
 15   41.7   47.0  15:30   37.0  05:39   23.3    0.0   0.02    2.0   21.0  14:50    147
 16   44.7   50.0  14:00   41.0  06:32   20.3    0.0   0.00    1.7    7.0  01:31    104
 17   42.5   46.0  15:58   41.0  07:22   22.5    0.0   0.00    1.9    9.0  15:28    320
 18   39.2   53.0  17:11   31.0  05:10   25.8    0.0   0.00    1.2    6.0  16:51    226
 19   37.5   51.0  16:23   29.0  06:52   27.5    0.0   0.00    1.8   11.0  11:33    224
 20   35.6   44.0  16:05   31.0  05:14   29.4    0.0   0.00    3.2   15.0  10:35    131
 21   33.9   45.0  15:38   25.0  23:49   31.1    0.0   0.00    2.1   11.0  16:18    135
 22   30.3   45.0  16:10   18.0  07:29   34.7    0.0   0.00    2.0   12.0  14:00    327
 23   35.5   51.0  16:15   21.0  07:14   29.5    0.0   0.00    6.0   20.0  14:45    145
 24   38.4   50.0  17:05   33.0  08:44   26.6    0.0   0.57    6.6   17.4  01:17    141
 25   44.1   53.0  16:26   34.0  00:17   20.9    0.0   0.00    2.3    9.0  13:29      5
 26   44.4   53.0  14:28   37.0  00:07   20.6    0.0   0.00   10.0   24.0  13:18    143
 27   43.3   48.0  14:10   40.0  23:01   21.7    0.0   0.02    5.1   15.0  03:19    145
 28   43.4   55.0  15:23   35.0  06:32   21.6    0.0   0.00    3.9   19.0  14:03    319
---------------------------------------------------------------------------------------
      39.3   56.0     12   18.0     22  719.1    0.0   1.11    3.0   24.0     26    144
    
Updated: 12/05/2017 02:40:00 AM