Northwest Meridian, Idaho

43° 38.92' N | 116° 25.01' W | 2569 feet | Show on map

Climate Summary for 2009

Last Updated 04/07/2018

Station:LaCrosse WS-2316
Software:WeeWX
Weewx uptime:NA
Server uptime:NA
                     CLIMATOLOGICAL SUMMARY FOR 2009


NAME: Northwest Meridian, Idaho                  
ELEV: 2569 feet    LAT: 43-38.92 N    LONG: 116-25.01 W


                                       TEMPERATURE (°F)

                              HEAT    COOL                              MAX    MAX    MIN    MIN
          MEAN   MEAN         DEG     DEG                                >=     <=     <=     <=
 YR  MO   MAX    MIN    MEAN  DAYS    DAYS      HI  DAY     LOW  DAY     90     32     32      0
------------------------------------------------------------------------------------------------
2009 01   37.6   24.5   29.8  951.7    0.0    51.0   07     7.0   27      0      3     24      0
2009 02   43.8   22.1   31.9  302.6    0.0    56.0   06    16.0   01      0      1      9      0
2009 03    N/A    N/A    N/A    0.0    0.0     N/A  N/A     N/A  N/A    N/A    N/A    N/A    N/A
2009 04
2009 05
2009 06    N/A    N/A    N/A    0.0    0.0     N/A  N/A     N/A  N/A    N/A    N/A    N/A    N/A
2009 07
2009 08
2009 09   82.0   50.1   61.7   44.3   40.3    99.3   25    37.0   21      3      0      0      0
2009 10   60.5   37.6   47.4  541.6    0.0    78.0   17    27.0   25      0      0      8      0
2009 11   51.7   30.6   38.9  760.5    0.0    65.0   17    21.0   15      0      0     19      0
2009 12   35.8   19.9   26.1 1194.7    0.0    49.0   18     0.0   09      0      8     29      2
------------------------------------------------------------------------------------------------
          49.7   29.9   35.7 3795.5   40.3    99.3  Sep     0.0  Dec      3     12     89      2


                  PRECIPITATION (in)

                  MAX         ---DAYS OF RAIN---
                  OBS.               OVER
 YR  MO  TOTAL    DAY  DATE   0.01   0.10   1.00
------------------------------------------------
2009 01   0.60   0.22    06      8      2      0
2009 02   0.00   0.00    01      0      0      0
2009 03   0.00   0.00    01      0      0      0
2009 04
2009 05
2009 06   0.00   0.00    21      0      0      0
2009 07
2009 08
2009 09   0.12   0.08    22      2      0      0
2009 10   1.26   0.22    14     13      4      0
2009 11   0.66   0.18    12      7      3      0
2009 12   1.53   0.66    15     10      5      0
------------------------------------------------
          4.17   0.66   Dec     40     14      0


           WIND SPEED (mph)

                                DOM
 YR  MO    AVG     HI   DATE    DIR
-----------------------------------
2009 01    0.7   18.0     05    186 
2009 02    0.5   11.0     07    174 
2009 03    N/A    N/A    N/A     90 
2009 04
2009 05
2009 06    N/A    N/A    N/A     90 
2009 07
2009 08
2009 09    3.4   23.0     30    315 
2009 10    3.0   34.0     26    311 
2009 11    3.2   27.0     22    158 
2009 12    2.4   21.0     05    189 
-----------------------------------
           2.5   34.0    Oct    258

Updated: 12/05/2017 02:40:00 AM