Northwest Meridian, Idaho

43° 38.92' N | 116° 25.01' W | 2569 feet | Show on map

Climate Summary for December 2009

Last Updated 04/07/2018

Station:LaCrosse WS-2316
Software:WeeWX
Weewx uptime:NA
Server uptime:NA

                   MONTHLY CLIMATOLOGICAL SUMMARY FOR Dec 2009


NAME: Northwest Meridian, Idaho                  
ELEV: 2569 feet    LAT: 43-38.92 N    LONG: 116-25.01 W


                   TEMPERATURE (°F), RAIN (in), WIND SPEED (mph)

                                         HEAT   COOL         AVG
      MEAN                               DEG    DEG          WIND                   DOM
DAY   TEMP   HIGH   TIME    LOW   TIME   DAYS   DAYS   RAIN  SPEED   HIGH   TIME    DIR
---------------------------------------------------------------------------------------
 01   32.2   45.0  14:49   23.0  06:39   32.8    0.0   0.00    2.6   16.0  15:19    312
 02   27.5   41.0  14:32   19.0  08:11   37.5    0.0   0.00    1.7    8.0  13:42    288
 03   25.4   41.0  16:05   17.0  03:13   39.6    0.0   0.00    1.6   14.0  11:34    145
 04   24.1   39.0  14:57   16.0  07:46   40.9    0.0   0.00    1.5    9.0  17:07    306
 05   26.0   36.0  14:40   19.0  23:41   39.0    0.0   0.00    6.8   21.0  12:59    314
 06   24.0   31.0  13:42   17.0  01:01   41.0    0.0   0.00    4.3   21.0  12:02    142
 07   18.3   25.0  14:24    7.0  23:35   46.7    0.0   0.00    1.7    8.0  11:24    243
 08   10.5   20.0  15:08    4.0  23:59   54.5    0.0   0.00    2.4   10.0  11:33    323
 09    7.8   20.0  16:01    0.0  03:09   57.2    0.0   0.00    1.3   10.0  14:11    268
 10   11.1   27.0  16:07    0.0  05:43   53.9    0.0   0.00    1.6   12.0  11:43    162
 11   10.0   26.0  14:51    1.0  06:40   55.0    0.0   0.00    0.8    7.0  14:01    233
 12   20.3   26.0  13:18   17.0  00:07   44.7    0.0   0.00    1.0    9.0  19:29    271
 13   25.7   36.0  14:21   20.0  00:09   39.3    0.0   0.06    0.4    6.0  00:09    297
 14   27.0   44.0  15:27   18.0  02:02   38.0    0.0   0.04    0.6    4.0  06:55    276
 15   37.1   39.0  03:48   25.0  00:08   27.9    0.0   0.66    7.3   17.0  13:19    135
 16   40.0   43.0  09:28   35.0  23:23   25.0    0.0   0.16    3.7   17.0  06:07    129
 17   33.5   37.0  13:12   31.8  23:18   31.5    0.0   0.02    1.1    6.0  13:52    307
 18   35.8   49.0  15:34   32.0  00:05   29.2    0.0   0.00    1.0   10.0  15:34    213
 19   33.4   39.0  14:56   29.0  06:36   31.6    0.0   0.00    1.2    9.0  10:46    123
 20   33.4   40.0  14:39   28.0  05:28   31.6    0.0   0.02    1.4   11.0  17:59      2
 21   38.7   49.0  14:34   33.0  04:30   26.3    0.0   0.04    2.4   11.0  20:35    142
 22   32.3   37.0  01:18   28.0  23:52   32.7    0.0   0.20    7.4   21.0  14:41    296
 23   28.3   35.0  14:44   23.7  08:18   36.7    0.0   0.00    4.8   19.0  12:03    328
 24   23.7   34.0  15:06   16.0  08:18   41.3    0.0   0.00    0.9    7.0  14:46    324
 25   24.1   37.2  16:18   16.0  07:50   40.9    0.0   0.00    2.4   12.0  22:11    143
 26   24.1   31.0  14:24   19.9  02:18   40.9    0.0   0.00    2.6   11.0  09:53    106
 27   24.7   33.0  15:26   18.0  06:56   40.3    0.0   0.00    0.8    4.0  02:45    107
 28   28.1   37.0  14:49   24.0  22:30   36.9    0.0   0.00    1.6    7.0  07:48    134
 29   28.2   36.0  16:01   23.0  03:38   36.8    0.0   0.00    1.1    8.0  13:50    191
 30   32.0   39.0  14:03   28.0  00:31   33.0    0.0   0.17    1.2    8.0  01:22    159
 31   33.0   39.0  12:49   29.0  00:17   32.0    0.0   0.16    6.3   18.0  17:09    136
---------------------------------------------------------------------------------------
      26.1   49.0     18    0.0     09 1194.7    0.0   1.53    2.4   21.0     05    189
    
Updated: 12/05/2017 02:40:00 AM