Northwest Meridian, Idaho

43° 38.92' N | 116° 25.01' W | 2569 feet | Show on map

Climate Summary for November 2009

Last Updated 04/07/2018

Station:LaCrosse WS-2316
Software:WeeWX
Weewx uptime:NA
Server uptime:NA

                   MONTHLY CLIMATOLOGICAL SUMMARY FOR Nov 2009


NAME: Northwest Meridian, Idaho                  
ELEV: 2569 feet    LAT: 43-38.92 N    LONG: 116-25.01 W


                   TEMPERATURE (°F), RAIN (in), WIND SPEED (mph)

                                         HEAT   COOL         AVG
      MEAN                               DEG    DEG          WIND                   DOM
DAY   TEMP   HIGH   TIME    LOW   TIME   DAYS   DAYS   RAIN  SPEED   HIGH   TIME    DIR
---------------------------------------------------------------------------------------
 01   43.6   55.0  14:05   34.0  05:34   21.4    0.0   0.00    2.5   16.0  14:05    317
 02   40.8   58.0  14:31   27.0  07:01   24.2    0.0   0.00    1.3    8.0  14:01    147
 03   39.1   54.0  15:04   28.0  06:33   25.9    0.0   0.00    0.6    5.0  11:44    261
 04   42.5   62.0  16:20   32.0  02:50   22.5    0.0   0.00    0.9    5.0  14:20     53
 05   42.2   56.0  15:46   31.0  06:59   22.8    0.0   0.00    1.0    6.0  21:17     31
 06   48.6   53.0  08:58   43.0  00:17   16.4    0.0   0.02    2.9   14.0  12:18    154
 07   45.9   58.0  15:03   39.0  07:42   19.1    0.0   0.00    1.6   11.0  12:32    329
 08   42.8   58.0  14:58   33.0  07:48   22.2    0.0   0.00    1.3   10.0  14:48    117
 09   45.2   60.0  16:02   30.0  08:20   19.8    0.0   0.00    5.0   20.0  14:11    145
 10   50.2   63.0  15:00   40.0  08:14   14.8    0.0   0.00    2.8   11.0  16:31    142
 11   45.3   51.0  12:33   42.0  04:42   19.7    0.0   0.14    2.7   11.0  12:43    340
 12   40.2   47.0  15:16   35.0  21:57   24.8    0.0   0.18    3.3   14.0  12:46    311
 13   36.1   43.0  13:48   29.0  04:47   28.9    0.0   0.04    1.3   10.0  19:09     15
 14   32.1   39.0  13:41   25.0  23:12   32.9    0.0   0.04    4.9   19.0  15:41    317
 15   32.0   47.0  15:13   21.0  06:33   33.0    0.0   0.00    2.4   13.0  23:04    134
 16   38.2   51.0  13:56   28.0  06:25   26.8    0.0   0.00    7.7   19.0  12:06    146
 17   51.6   65.0  15:08   39.4  03:18   13.4    0.0   0.00    9.3   22.0  08:47    143
 18   42.3   50.0  14:51   29.0  22:52   22.7    0.0   0.00    2.5   17.0  11:00    316
 19   38.1   54.0  14:33   25.0  07:23   26.9    0.0   0.00    5.1   19.0  12:43    144
 20   46.7   58.0  15:18   38.0  00:36   18.3    0.0   0.00    9.9   24.0  14:58    160
 21   39.1   45.0  15:49   33.0  20:39   25.9    0.0   0.00    3.6   17.0  10:58    314
 22   38.7   46.0  13:51   34.0  23:32   26.3    0.0   0.06    6.8   27.0  05:10    136
 23   32.7   46.0  15:51   24.0  08:13   32.3    0.0   0.00    0.6    6.0  16:11     54
 24   32.0   47.0  15:33   24.0  03:42   33.0    0.0   0.00    0.8    8.0  17:13    325
 25   32.7   49.0  16:04   24.0  04:15   32.3    0.0   0.00    0.8    6.0  12:15     61
 26   32.9   47.0  14:56   23.0  06:46   32.1    0.0   0.00    1.3    9.0  16:07     66
 27   33.9   38.0  14:29   29.0  05:48   31.1    0.0   0.18    2.3   18.0  00:00    297
 28   37.0   46.0  14:21   31.0  07:41   28.0    0.0   0.00    8.0   24.0  15:31    312
 29   33.2   52.0  16:25   23.0  06:43   31.8    0.0   0.00    1.2    8.0  13:45      6
 30   33.8   53.0  16:17   24.0  05:56   31.2    0.0   0.00    1.2    8.0  15:57    160
---------------------------------------------------------------------------------------
      38.9   65.0     17   21.0     15  760.5    0.0   0.66    3.2   27.0     22    158
    
Updated: 12/05/2017 02:40:00 AM