Northwest Meridian, Idaho

43° 38.92' N | 116° 25.01' W | 2569 feet | Show on map

Climate Summary for September 2009

Last Updated 04/07/2018

Station:LaCrosse WS-2316
Software:WeeWX
Weewx uptime:NA
Server uptime:NA

                   MONTHLY CLIMATOLOGICAL SUMMARY FOR Sep 2009


NAME: Northwest Meridian, Idaho                  
ELEV: 2569 feet    LAT: 43-38.92 N    LONG: 116-25.01 W


                   TEMPERATURE (°F), RAIN (in), WIND SPEED (mph)

                                         HEAT   COOL         AVG
      MEAN                               DEG    DEG          WIND                   DOM
DAY   TEMP   HIGH   TIME    LOW   TIME   DAYS   DAYS   RAIN  SPEED   HIGH   TIME    DIR
---------------------------------------------------------------------------------------
 01
 02
 03
 04
 05
 06
 07
 08
 09
 10
 11
 12
 13
 14
 15
 16
 17
 18   77.1   86.5  16:33   64.0  23:33    0.0   12.1   0.00    0.0    0.0  16:33     90
 19   69.6   88.9  16:33   54.3  06:33    0.0    4.6   0.00    1.1    7.2  13:33     37
 20   60.6   70.0  17:33   47.8  09:33    4.4    0.0   0.04    3.3    6.5  04:33    325
 21   56.3   74.3  17:33   37.0  08:33    8.7    0.0   0.00    0.9    5.1  15:33    201
 22   59.0   80.8  17:33   40.8  08:33    6.0    0.0   0.08    1.3    6.3  12:33    182
 23   64.6   85.8  17:33   44.8  08:33    0.4    0.0   0.00    0.1    2.0  16:33     19
 24   72.7   86.5  18:33   61.9  09:33    0.0    7.7   0.00    0.0    0.0  00:33     90
 25   73.3   99.3  18:33   62.4  09:33    0.0    8.3   0.00    0.9    6.5  18:33    317
 26   72.6   90.0  19:01   52.9  10:33    0.0    7.6   0.00    2.4   11.0  14:31    348
 27   64.5   93.0  18:14   46.0  08:03    0.5    0.0   0.00    2.1   13.0  14:14    290
 28   63.2   85.0  15:20   48.0  02:35    1.8    0.0   0.00    2.5   17.0  21:20    106
 29   59.0   65.0  00:10   52.0  23:33    6.0    0.0   0.00    4.9   19.0  15:13    316
 30   48.5   61.0  18:05   39.0  23:59   16.5    0.0   0.00    8.6   23.0  13:14    311
---------------------------------------------------------------------------------------
      61.7   99.3     25   37.0     21   44.3   40.3   0.12    3.4   23.0     30    315
    
Updated: 12/05/2017 02:40:00 AM