Northwest Meridian, Idaho

43° 38.92' N | 116° 25.01' W | 2569 feet | Show on map

Climate Summary for February 2009

Last Updated 04/07/2018

Station:LaCrosse WS-2316
Software:WeeWX
Weewx uptime:NA
Server uptime:NA

                   MONTHLY CLIMATOLOGICAL SUMMARY FOR Feb 2009


NAME: Northwest Meridian, Idaho                  
ELEV: 2569 feet    LAT: 43-38.92 N    LONG: 116-25.01 W


                   TEMPERATURE (°F), RAIN (in), WIND SPEED (mph)

                                         HEAT   COOL         AVG
      MEAN                               DEG    DEG          WIND                   DOM
DAY   TEMP   HIGH   TIME    LOW   TIME   DAYS   DAYS   RAIN  SPEED   HIGH   TIME    DIR
---------------------------------------------------------------------------------------
 01   26.9   40.0  13:19   16.0  02:58   38.1    0.0   0.00    0.6    7.0  13:49    181
 02   27.4   43.0  14:32   18.0  05:01   37.6    0.0   0.00    0.5    7.0  09:01    187
 03   29.4   44.0  15:20   17.0  07:28   35.6    0.0   0.00    0.4    7.0  16:50    185
 04   32.4   47.0  15:11   22.0  05:00   32.6    0.0   0.00    0.3    4.0  11:31    150
 05   33.4   45.0  13:41   24.0  06:11   31.6    0.0   0.00    0.2    3.0  13:41     15
 06   38.6   56.0  14:26   27.5  06:50   26.4    0.0   0.00    0.3    5.0  17:17    192
 07   34.7   47.0  14:59   26.0  07:48   30.3    0.0   0.00    0.9   11.0  14:49    151
 08   31.4   43.2  15:50   21.0  05:00   33.6    0.0   0.00    0.9   10.0  13:01    192
 09   28.3   29.5  00:50   27.7  03:50   36.7    0.0   0.00    0.2    2.0  00:32    225
 10    N/A    N/A    N/A    N/A    N/A    0.0    0.0   0.00    N/A    N/A    N/A     90
 11    N/A    N/A    N/A    N/A    N/A    0.0    0.0   0.00    N/A    N/A    N/A     90
 12    N/A    N/A    N/A    N/A    N/A    0.0    0.0   0.00    N/A    N/A    N/A     90
 13    N/A    N/A    N/A    N/A    N/A    0.0    0.0   0.00    N/A    N/A    N/A     90
 14    N/A    N/A    N/A    N/A    N/A    0.0    0.0   0.00    N/A    N/A    N/A     90
 15    N/A    N/A    N/A    N/A    N/A    0.0    0.0   0.00    N/A    N/A    N/A     90
 16    N/A    N/A    N/A    N/A    N/A    0.0    0.0   0.00    N/A    N/A    N/A     90
 17    N/A    N/A    N/A    N/A    N/A    0.0    0.0   0.00    N/A    N/A    N/A     90
 18    N/A    N/A    N/A    N/A    N/A    0.0    0.0   0.00    N/A    N/A    N/A     90
 19    N/A    N/A    N/A    N/A    N/A    0.0    0.0   0.00    N/A    N/A    N/A     90
 20    N/A    N/A    N/A    N/A    N/A    0.0    0.0   0.00    N/A    N/A    N/A     90
 21    N/A    N/A    N/A    N/A    N/A    0.0    0.0   0.00    N/A    N/A    N/A     90
 22    N/A    N/A    N/A    N/A    N/A    0.0    0.0   0.00    N/A    N/A    N/A     90
 23    N/A    N/A    N/A    N/A    N/A    0.0    0.0   0.00    N/A    N/A    N/A     90
 24    N/A    N/A    N/A    N/A    N/A    0.0    0.0   0.00    N/A    N/A    N/A     90
 25    N/A    N/A    N/A    N/A    N/A    0.0    0.0   0.00    N/A    N/A    N/A     90
 26    N/A    N/A    N/A    N/A    N/A    0.0    0.0   0.00    N/A    N/A    N/A     90
 27    N/A    N/A    N/A    N/A    N/A    0.0    0.0   0.00    N/A    N/A    N/A     90
 28    N/A    N/A    N/A    N/A    N/A    0.0    0.0   0.00    N/A    N/A    N/A     90
---------------------------------------------------------------------------------------
      31.9   56.0     06   16.0     01  302.6    0.0   0.00    0.5   11.0     07    174
    
Updated: 12/05/2017 02:40:00 AM