Northwest Meridian, Idaho

43° 38.92' N | 116° 25.01' W | 2569 feet | Show on map

Climate Summary for November 2008

Last Updated 04/07/2018

Station:LaCrosse WS-2316
Software:WeeWX
Weewx uptime:NA
Server uptime:NA

                   MONTHLY CLIMATOLOGICAL SUMMARY FOR Nov 2008


NAME: Northwest Meridian, Idaho                  
ELEV: 2569 feet    LAT: 43-38.92 N    LONG: 116-25.01 W


                   TEMPERATURE (°F), RAIN (in), WIND SPEED (mph)

                                         HEAT   COOL         AVG
      MEAN                               DEG    DEG          WIND                   DOM
DAY   TEMP   HIGH   TIME    LOW   TIME   DAYS   DAYS   RAIN  SPEED   HIGH   TIME    DIR
---------------------------------------------------------------------------------------
 01   53.0   61.0  12:28   42.0  03:47   12.0    0.0   0.00    0.9   10.0  05:27    158
 02   53.6   68.0  14:01   44.0  23:31   11.4    0.0   0.00    0.8    8.0  01:49    185
 03   47.2   57.0  14:03   42.0  00:31   17.8    0.0   0.00    0.7    6.0  19:03    141
 04   41.8   49.0  11:27   30.0  23:16   23.2    0.0   0.00    2.9   19.0  00:45    228
 05   37.0   55.0  12:58   26.0  05:15   28.0    0.0   0.00    0.4    5.0  10:34    154
 06   40.5   51.0  11:03   31.0  03:31   24.5    0.0   0.00    0.3    5.0  00:26    165
 07   44.4   62.0  12:01   37.0  01:56   20.6    0.0   0.00    0.2    2.0  00:34    213
 08   42.8   52.0  11:05   34.0  02:34   22.2    0.0   0.00    0.3    4.0  10:15    322
 09   44.7   48.0  14:17   41.0  22:48   20.3    0.0   0.00    0.5    4.0  13:57    285
 10   43.1   55.0  12:49   36.0  05:28   21.9    0.0   0.00    0.7    8.0  12:19    339
 11   41.2   51.0  11:20   35.0  02:49   23.8    0.0   0.14    0.3    7.0  11:00    189
 12   51.8   65.0  12:09   43.0  00:16   13.2    0.0   0.19    0.4   10.0  20:50    263
 13   51.7   60.0  15:27   36.0  23:58   13.3    0.0   0.12    2.8    9.0  06:58    346
 14   36.3   50.0  13:49   27.0  06:59   28.7    0.0   0.00    0.6    6.0  10:19    313
 15   37.1   53.0  13:46   26.0  01:49   27.9    0.0   0.00    0.6    7.0  09:29    151
 16   36.4   51.0  13:44   26.0  06:02   28.6    0.0   0.00    0.3    6.0  10:29    196
 17   37.2   53.0  13:11   27.0  05:49   27.8    0.0   0.00    0.2    9.0  10:16    196
 18   36.6   53.0  13:30   27.0  04:46   28.4    0.0   0.00    0.1    2.0  10:25    217
 19   37.2   52.0  14:00   27.0  06:17   27.8    0.0   0.00    0.2    3.0  12:58    248
 20   42.2   66.0  13:59   30.0  23:45   22.8    0.0   0.00    1.7   13.0  15:31    161
 21   35.3   49.0  13:17   27.0  03:41   29.7    0.0   0.00    0.4    6.0  21:30    162
 22   34.2   45.0  11:02   28.0  05:02   30.8    0.0   0.08    0.6    7.0  02:59    146
 23   31.1   41.0  13:14   24.0  22:29   33.9    0.0   0.02    0.1    3.0  14:26    267
 24   29.1   44.0  13:44   19.0  06:12   35.9    0.0   0.00    0.3    5.0  09:48    177
 25   31.3   45.0  12:41   24.0  00:42   33.7    0.0   0.00    0.2    3.0  10:59    234
 26   32.3   45.0  13:42   26.0  00:41   32.7    0.0   0.00    0.2    4.0  11:18    256
 27   34.5   46.0  11:50   27.0  03:35   30.5    0.0   0.00    0.4    4.0  13:43    330
 28   35.1   47.0  12:16   24.0  05:48   29.9    0.0   0.00    0.4    4.0  11:16    317
 29   45.4   56.0  11:59   41.0  00:40   19.6    0.0   0.00    0.3    4.0  12:29     12
 30   41.9   56.0  13:02   30.0  19:29   23.1    0.0   0.00    0.5    4.0  13:02      7
---------------------------------------------------------------------------------------
      40.2   68.0     02   19.0     24  743.8    0.0   0.55    0.6   19.0     04    218
    
Updated: 12/05/2017 02:40:00 AM