Northwest Meridian, Idaho

43° 38.92' N | 116° 25.01' W | 2569 feet | Show on map

Climate Summary for September 2008

Last Updated 04/07/2018

Station:LaCrosse WS-2316
Software:WeeWX
Weewx uptime:NA
Server uptime:NA

                   MONTHLY CLIMATOLOGICAL SUMMARY FOR Sep 2008


NAME: Northwest Meridian, Idaho                  
ELEV: 2569 feet    LAT: 43-38.92 N    LONG: 116-25.01 W


                   TEMPERATURE (°F), RAIN (in), WIND SPEED (mph)

                                         HEAT   COOL         AVG
      MEAN                               DEG    DEG          WIND                   DOM
DAY   TEMP   HIGH   TIME    LOW   TIME   DAYS   DAYS   RAIN  SPEED   HIGH   TIME    DIR
---------------------------------------------------------------------------------------
 01   56.9   73.0  14:20   45.0  06:50    8.1    0.0   0.00    2.3   13.0  17:00    316
 02   52.7   75.0  17:43   37.0  06:32   12.3    0.0   0.00    0.7    9.0  14:13    160
 03   51.8   79.0  19:16   39.0  07:05   13.2    0.0   0.00    0.3    4.0  14:56    356
 04   64.0   85.0  14:16   41.0  06:46    1.0    0.0   0.00    1.1   11.0  15:16    325
 05   55.4   75.0  19:18   42.0  07:17    9.6    0.0   0.00    0.5    6.0  16:17    266
 06   54.5   74.0  10:18   45.0  06:58   10.5    0.0   0.00    0.5    6.0  14:48    288
 07   59.1   83.0  11:50   46.0  06:50    5.9    0.0   0.00    1.0   10.0  16:00    312
 08   52.1   66.0  20:34   43.0  07:33   12.9    0.0   0.00    0.4    8.0  12:13    159
 09   58.0   78.0  19:15   46.0  06:44    7.0    0.0   0.00    0.5    5.0  14:05    244
 10   64.8   82.0  15:05   48.0  07:15    0.2    0.0   0.00    2.3    9.0  10:15    320
 11   51.2   63.0  20:19   42.0  06:26   13.8    0.0   0.00    0.6    8.0  11:57    183
 12   51.1   71.0  20:01   41.0  05:30   13.9    0.0   0.00    0.1    2.0  09:10    102
 13   51.2   68.0  20:15   42.0  07:13   13.8    0.0   0.00    0.5    8.0  17:03    290
 14   49.9   67.0  20:17   43.0  06:46   15.1    0.0   0.00    0.5    6.0  12:47    182
 15   57.1   88.0  18:48   43.0  06:47    7.9    0.0   0.00    0.5    6.0  11:58    184
 16   54.2   82.0  19:19   45.0  04:48   10.8    0.0   0.00    0.2    4.0  13:49    288
 17   61.5   96.0  15:49   45.0  07:29    3.5    0.0   0.00    0.1    3.0  21:46    170
 18   61.4   91.0  18:47   51.0  07:27    3.6    0.0   0.00    0.1    3.0  12:17    327
 19   66.5   95.0  16:27   53.0  04:17    0.0    1.5   0.00    1.2   15.0  23:18    171
 20   56.7   68.0  16:33   53.0  09:30    8.3    0.0   0.00    1.6   21.0  16:33    214
 21   50.7   66.0  18:33   45.0  06:32   14.3    0.0   0.00    0.6    7.0  13:02    188
 22   48.6   65.0  19:05   43.0  07:34   16.4    0.0   0.00    0.4    6.0  12:15    347
 23   46.9   71.0  12:35   35.0  07:15   18.1    0.0   0.00    0.4    4.0  10:15    203
 24   56.2   84.0  13:19   40.0  06:59    8.8    0.0   0.00    0.4    7.0  07:49    143
 25   58.5   82.0  13:02   50.0  03:01    6.5    0.0   0.00    0.1    4.0  17:02     64
 26   53.4   85.0  17:03   41.0  07:02   11.6    0.0   0.00    0.4    6.0  11:32    222
 27   51.3   77.0  18:33   43.0  06:33   13.7    0.0   0.00    0.3    5.0  14:03    258
 28   49.7   78.0  18:26   40.0  07:46   15.3    0.0   0.00    0.5    7.0  15:16    231
 29   51.9   85.0  18:17   41.0  07:57   13.1    0.0   0.00    0.2    4.0  19:27      4
 30   60.0   92.0  17:20   49.0  06:19    5.0    0.0   0.00    0.9    9.0  17:30    175
---------------------------------------------------------------------------------------
      55.8   96.0     17   35.0     23  294.2    1.5   0.00    0.7   21.0     20    264
    
Updated: 12/05/2017 02:40:00 AM