Northwest Meridian, Idaho

43° 38.92' N | 116° 25.01' W | 2569 feet | Show on map

Climate Summary for August 2008

Last Updated 04/07/2018

Station:LaCrosse WS-2316
Software:WeeWX
Weewx uptime:NA
Server uptime:NA

                   MONTHLY CLIMATOLOGICAL SUMMARY FOR Aug 2008


NAME: Northwest Meridian, Idaho                  
ELEV: 2569 feet    LAT: 43-38.92 N    LONG: 116-25.01 W


                   TEMPERATURE (°F), RAIN (in), WIND SPEED (mph)

                                         HEAT   COOL         AVG
      MEAN                               DEG    DEG          WIND                   DOM
DAY   TEMP   HIGH   TIME    LOW   TIME   DAYS   DAYS   RAIN  SPEED   HIGH   TIME    DIR
---------------------------------------------------------------------------------------
 01   71.7   95.0  20:02   59.0  05:48    0.0    6.7   0.00    0.7    7.0  11:19    312
 02   71.4   91.0  14:13   56.0  06:33    0.0    6.4   0.00    1.1    7.0  11:43    280
 03   70.1   93.0  13:48   53.0  06:16    0.0    5.1   0.00    1.1    8.0  15:18    276
 04   70.4   97.0  20:27   52.0  06:44    0.0    5.4   0.00    0.8    6.0  13:46    234
 05   71.4   96.0  12:19   55.0  06:28    0.0    6.4   0.00    0.4    5.0  11:18    170
 06   76.6  101.0  20:03   63.0  06:00    0.0   11.6   0.00    0.7    7.0  16:43    293
 07   75.4  101.0  17:47   66.0  03:34    0.0   10.4   0.00    1.3   13.0  23:18    242
 08   73.8   97.0  20:33   66.0  03:59    0.0    8.8   0.00    1.7   13.0  02:49    230
 09   76.8   92.0  11:01   66.0  06:58    0.0   11.8   0.00    1.2    7.0  03:25    210
 10   65.0   86.0  15:32   55.0  05:49    0.0    0.0   0.00    1.5    7.0  01:57    315
 11   64.0   84.0  12:46   52.0  06:45    1.0    0.0   0.00    1.3    8.0  15:16    266
 12   74.4   96.0  14:44   52.0  05:59    0.0    9.4   0.00    0.9    7.0  12:42    261
 13   77.4   98.0  16:04   53.0  07:03    0.0   12.4   0.00    1.1    6.0  13:34    283
 14   79.1   98.0  14:41   55.0  05:49    0.0   14.1   0.00    1.2   10.0  15:02    256
 15   67.6   83.0  09:49   61.0  04:47    0.0    2.6   0.00    1.8   12.0  12:10    147
 16   68.6   91.0  11:47   56.0  06:55    0.0    3.6   0.00    1.2    9.0  09:45    145
 17   74.5  101.0  13:47   57.0  07:15    0.0    9.5   0.00    0.6    5.0  15:27    191
 18   79.3  104.0  16:43   59.0  06:02    0.0   14.3   0.00    1.2   12.0  14:03    171
 19   68.3   88.0  13:11   60.0  06:10    0.0    3.3   0.00    0.9    7.0  01:28    292
 20   64.1   87.0  20:11   56.0  04:27    0.9    0.0   0.00    0.7    6.0  13:27     27
 21   74.0   87.0  14:47   57.0  23:49    0.0    9.0   0.00    2.8   11.0  15:47    287
 22   65.8   85.0  14:46   44.0  07:03    0.0    0.8   0.13    1.3    7.0  01:40    241
 23   69.6   93.0  14:34   46.0  07:01    0.0    4.6   0.00    0.5    6.0  14:04    229
 24   76.7  102.0  17:19   53.0  05:11    0.0   11.7   0.00    0.4    6.0  16:59    256
 25   70.9   95.0  13:05   56.0  06:44    0.0    5.9   0.00    1.8   12.0  19:27    356
 26   58.4   75.0  19:12   49.0  05:48    6.6    0.0   0.00    1.4    9.0  10:28    330
 27   56.6   83.0  10:44   43.0  07:04    8.4    0.0   0.00    0.5    7.0  16:04      7
 28   62.4   84.0  12:35   47.0  07:15    2.6    0.0   0.00    0.9    7.0  13:05    285
 29   61.4   81.0  09:16   50.0  07:26    3.6    0.0   0.00    0.4    5.0  14:18    191
 30   67.2   89.0  12:16   55.0  07:16    0.0    2.2   0.00    1.2    8.0  18:16    337
 31   60.9   74.0  15:19   50.0  07:17    4.1    0.0   0.00    3.2   11.0  01:46    334
---------------------------------------------------------------------------------------
      70.3  104.0     18   43.0     27   27.2  176.0   0.13    1.2   13.0     07    282
    
Updated: 12/05/2017 02:40:00 AM