Northwest Meridian, Idaho

43° 38.92' N | 116° 25.01' W | 2569 feet | Show on map

Climate Summary for July 2008

Last Updated 04/07/2018

Station:LaCrosse WS-2316
Software:WeeWX
Weewx uptime:NA
Server uptime:NA

                   MONTHLY CLIMATOLOGICAL SUMMARY FOR Jul 2008


NAME: Northwest Meridian, Idaho                  
ELEV: 2569 feet    LAT: 43-38.92 N    LONG: 116-25.01 W


                   TEMPERATURE (°F), RAIN (in), WIND SPEED (mph)

                                         HEAT   COOL         AVG
      MEAN                               DEG    DEG          WIND                   DOM
DAY   TEMP   HIGH   TIME    LOW   TIME   DAYS   DAYS   RAIN  SPEED   HIGH   TIME    DIR
---------------------------------------------------------------------------------------
 01   75.6   93.0  18:40   69.0  00:00    0.0   10.6   0.00    2.1   13.0  06:18    222
 02   75.6  100.0  14:43   56.0  05:31    0.0   10.6   0.00    0.6    5.0  14:13    213
 03   80.4  104.0  14:26   60.0  06:04    0.0   15.4   0.00    0.7    7.0  15:56    265
 04   77.4   95.0  12:47   64.0  05:17    0.0   12.4   0.00    0.9    8.0  17:49    287
 05   74.4   94.0  18:04   59.0  06:01    0.0    9.4   0.00    1.4   10.0  13:34    286
 06   70.9   92.0  13:17   59.0  04:57    0.0    5.9   0.00    1.7   10.0  14:27    260
 07   71.1   92.0  13:30   55.0  06:19    0.0    6.1   0.00    1.6   10.0  16:00    241
 08   72.3   94.0  14:42   56.0  04:11    0.0    7.3   0.00    2.3   12.0  17:12    245
 09   73.0   98.0  14:34   53.0  06:34    0.0    8.0   0.00    0.9    8.0  15:14    247
 10   69.6   97.0  20:03   56.0  06:02    0.0    4.6   0.00    1.6    9.0  20:03    308
 11   66.8   85.0  15:04   54.0  06:03    0.0    1.8   0.00    3.9   15.0  13:14    271
 12   63.5   91.0  13:17   45.0  06:27    1.5    0.0   0.00    1.1    6.0  17:47    232
 13   69.9   95.0  13:49   50.0  06:18    0.0    4.9   0.02    1.2   10.0  15:59    252
 14   69.9   95.0  12:31   53.0  06:31    0.0    4.9   0.02    1.0    8.0  15:31    268
 15   72.2   97.0  12:32   61.0  04:31    0.0    7.2   0.00    1.0    9.0  14:42    257
 16   72.8   94.0  13:12   58.0  05:02    0.0    7.8   0.00    1.1    9.0  14:42    263
 17   71.2   94.0  20:46   55.0  06:05    0.0    6.2   0.00    1.0    5.0  03:14    243
 18   64.9   80.0  10:16   55.0  06:46    0.1    0.0   0.00    1.4    9.0  10:56    258
 19   69.4   96.0  20:19   49.0  06:27    0.0    4.4   0.00    0.7    6.0  16:28    252
 20   74.2  101.0  14:31   59.0  06:01    0.0    9.2   0.02    0.7    6.0  14:41    253
 21   74.4   93.0  15:19   62.0  05:49    0.0    9.4   0.00    1.0   10.0  23:29    150
 22   74.6   89.0  09:19   62.0  23:32    0.0    9.6   0.00    1.7   12.0  11:00    183
 23   71.0   92.0  13:57   56.0  06:04    0.0    6.0   0.00    1.0   11.0  18:48    279
 24   69.3   92.0  14:00   52.0  06:19    0.0    4.3   0.02    1.7    9.0  14:41    258
 25   72.4  101.0  14:04   51.0  06:14    0.0    7.4   0.04    0.9    6.0  11:34    239
 26   72.2   95.0  13:34   56.0  06:01    0.0    7.2   0.00    0.9    6.0  01:49    289
 27   71.9   94.0  13:31   56.0  05:49    0.0    6.9   0.02    0.7    8.0  15:31    279
 28   72.2   95.0  20:34   56.0  07:04    0.0    7.2   0.00    1.0    6.0  12:44    291
 29   69.7   93.0  11:57   56.0  06:16    0.0    4.7   0.00    0.8    9.0  17:58    141
 30   68.7   88.0  13:41   57.0  06:19    0.0    3.7   0.00    1.4    7.0  15:41    272
 31   73.0  100.0  15:04   52.0  06:34    0.0    8.0   0.00    0.6    5.0  15:34    267
---------------------------------------------------------------------------------------
      71.9  104.0     03   45.0     12    1.6  211.1   0.14    1.2   15.0     11    258
    
Updated: 12/05/2017 02:40:00 AM