Northwest Meridian, Idaho

43° 38.92' N | 116° 25.01' W | 2569 feet | Show on map

Climate Summary for June 2008

Last Updated 04/07/2018

Station:LaCrosse WS-2316
Software:WeeWX
Weewx uptime:NA
Server uptime:NA

                   MONTHLY CLIMATOLOGICAL SUMMARY FOR Jun 2008


NAME: Northwest Meridian, Idaho                  
ELEV: 2569 feet    LAT: 43-38.92 N    LONG: 116-25.01 W


                   TEMPERATURE (°F), RAIN (in), WIND SPEED (mph)

                                         HEAT   COOL         AVG
      MEAN                               DEG    DEG          WIND                   DOM
DAY   TEMP   HIGH   TIME    LOW   TIME   DAYS   DAYS   RAIN  SPEED   HIGH   TIME    DIR
---------------------------------------------------------------------------------------
 01   55.4   63.0  21:12   51.0  05:00    9.6    0.0   0.00    1.4   10.0  18:02    140
 02   52.7   67.0  21:04   46.0  05:12   12.3    0.0   0.00    1.3    7.0  13:13    264
 03   54.1   61.0  16:17   48.0  22:58   10.9    0.0   0.48    0.6    4.0  05:46    197
 04   54.6   70.0  16:12   44.0  04:32   10.4    0.0   0.02    4.0   19.0  17:32    299
 05   53.9   71.0  19:32   41.0  06:12   11.1    0.0   0.00    1.9   10.0  10:32    288
 06   56.0   66.0  17:55   47.0  05:43    9.0    0.0   0.00    2.7    9.0  09:25    281
 07   47.3   64.0  20:48   39.0  05:16   17.7    0.0   0.02    2.1   11.0  12:17    285
 08   44.9   60.0  21:45   38.0  05:50   20.1    0.0   0.02    1.1    7.0  11:11    285
 09   54.1   66.0  19:43   47.0  03:41   10.9    0.0   0.06    1.5   10.0  15:12    183
 10   53.3   66.0  13:34   42.0  21:44   11.7    0.0   0.04    3.0   12.0  17:34    286
 11   45.9   61.0  21:03   39.0  04:12   19.1    0.0   0.10    1.3   10.0  13:33    302
 12   52.5   72.0  12:33   40.0  06:03   12.5    0.0   0.00    1.2    9.0  17:33    283
 13   53.9   72.0  21:44   46.0  05:44   11.1    0.0   0.02    0.7    6.0  12:44    142
 14   64.5   85.0  14:35   50.0  04:44    0.5    0.0   0.00    1.3    7.0  08:44    278
 15   66.3   90.0  14:28   47.0  06:28    0.0    1.3   0.00    1.2    9.0  14:48    260
 16   55.4   72.0  22:33   47.0  06:31    9.6    0.0   0.00    0.3    6.0  13:03    271
 17   60.0   74.0  21:45   51.0  06:03    5.0    0.0   0.00    1.1    6.0  14:13    289
 18   65.9   89.0  15:27   50.0  06:15    0.0    0.9   0.02    1.6    9.0  10:16    275
 19   62.3   83.0  11:58   46.0  05:57    2.7    0.0   0.00    0.8    7.0  11:28    242
 20   70.9   97.0  13:29   50.0  05:48    0.0    5.9   0.00    1.0   10.0  12:19    130
 21   66.5   84.0  10:01   54.0  05:40    0.0    1.5   0.02    1.5   18.0  18:43     17
 22   70.3   89.0  12:55   55.0  06:04    0.0    5.3   0.02    1.5    9.0  16:45    278
 23   66.3   89.0  13:15   50.0  06:25    0.0    1.3   0.00    1.0    6.0  12:25    266
 24   69.1   89.0  16:46   55.0  05:45    0.0    4.1   0.00    2.1   10.0  16:46    264
 25   64.6   88.0  13:10   48.0  06:30    0.4    0.0   0.00    1.1    9.0  15:41    261
 26   71.7   90.0  16:03   53.0  06:33    0.0    6.7   0.00    2.1   11.0  13:33    267
 27   72.0   94.0  20:03   54.0  07:03    0.0    7.0   0.00    1.9   11.0  15:03    253
 28   65.6   91.0  21:03   53.0  06:33    0.0    0.6   0.00    1.1    6.0  11:43    222
 29   68.4   87.0  21:16   59.0  06:16    0.0    3.4   0.00    0.5    4.0  13:26    252
 30   72.7   78.0  22:58   68.0  05:26    0.0    7.7   0.00    1.6   20.0  16:47    207
---------------------------------------------------------------------------------------
      61.1   97.0     20   38.0     08  184.8   45.8   0.82    1.5   20.0     30    270
    
Updated: 12/05/2017 02:40:00 AM