Northwest Meridian, Idaho

43° 38.92' N | 116° 25.01' W | 2569 feet | Show on map

Climate Summary for April 2008

Last Updated 04/07/2018

Station:LaCrosse WS-2316
Software:WeeWX
Weewx uptime:NA
Server uptime:NA

                   MONTHLY CLIMATOLOGICAL SUMMARY FOR Apr 2008


NAME: Northwest Meridian, Idaho                  
ELEV: 2569 feet    LAT: 43-38.92 N    LONG: 116-25.01 W


                   TEMPERATURE (°F), RAIN (in), WIND SPEED (mph)

                                         HEAT   COOL         AVG
      MEAN                               DEG    DEG          WIND                   DOM
DAY   TEMP   HIGH   TIME    LOW   TIME   DAYS   DAYS   RAIN  SPEED   HIGH   TIME    DIR
---------------------------------------------------------------------------------------
 01   37.7   57.0  19:20   22.0  04:58   27.3    0.0   0.00    2.2    9.0  02:48    138
 02   39.0   58.0  19:00   20.0  07:30   26.0    0.0   0.00    1.7    9.0  15:50    305
 03   41.9   59.0  16:31   22.0  06:20   23.1    0.0   0.00    0.8    6.0  15:01    317
 04   45.5   62.0  16:02   31.0  08:01   19.5    0.0   0.00    3.0   13.0  23:02     82
 05   43.6   57.0  14:14   32.0  05:33   21.4    0.0   0.00    1.5   10.0  15:14    340
 06   47.0   59.0  12:46   38.0  05:46   18.0    0.0   0.02    2.9   13.0  05:16    162
 07   41.4   56.0  16:27   29.0  05:57   23.6    0.0   0.04    1.8   17.0  15:17    306
 08   42.4   61.0  13:50   27.0  03:29   22.6    0.0   0.00    1.7   10.0  15:30    155
 09   41.8   54.0  15:43   33.0  04:33   23.2    0.0   0.19    3.3   13.0  11:33    311
 10   43.2   56.0  17:17   29.0  04:26   21.8    0.0   0.00    2.9   13.0  16:26    316
 11   45.3   62.0  15:01   25.0  06:49   19.7    0.0   0.00    1.3    9.0  16:32    312
 12   53.6   74.0  13:44   31.0  06:13   11.4    0.0   0.00    0.8    5.0  10:44    265
 13   60.8   82.0  15:26   37.0  07:16    4.2    0.0   0.00    5.0   16.0  14:26    135
 14   58.6   77.0  13:49   40.0  23:20    6.4    0.0   0.00    5.6   20.0  18:59    159
 15   42.6   52.0  16:33   35.0  07:02   22.4    0.0   0.00    4.8   13.0  02:01    306
 16   42.2   55.0  15:03   28.0  05:17   22.8    0.0   0.00    2.3   13.0  16:03    320
 17   50.4   70.0  14:26   28.0  06:16   14.6    0.0   0.00    1.2    9.0  18:26    138
 18   54.2   73.0  15:17   35.0  06:27   10.8    0.0   0.00    1.0    8.0  16:47    225
 19   40.3   48.0  12:09   35.0  06:57   24.7    0.0   0.00    2.7   12.0  18:49    313
 20   37.4   48.0  16:11   28.0  05:41   27.6    0.0   0.00    3.8   16.0  11:41    279
 21   41.9   56.0  18:04   24.0  06:32   23.1    0.0   0.00    1.8   11.0  12:03    158
 22   51.0   71.0  17:16   30.0  05:45   14.0    0.0   0.00    4.4   16.0  21:48    136
 23   50.4   61.0  14:20   40.0  23:32   14.6    0.0   0.18    2.4   12.0  14:50    263
 24   45.7   59.0  17:33   35.0  05:43   19.3    0.0   0.00    2.1   11.0  14:03    306
 25   47.9   60.0  17:35   35.0  06:45   17.1    0.0   0.00    2.8   11.0  14:45    310
 26   48.1   70.0  18:57   26.0  06:45   16.9    0.0   0.00    1.1    9.0  14:46    289
 27   56.6   81.0  18:02   31.0  06:31    8.4    0.0   0.00    1.8   12.0  14:12    142
 28   67.0   90.0  19:12   45.0  06:42    0.0    2.0   0.00    1.6    8.0  16:12    117
 29   55.2   75.0  10:12   40.0  23:02    9.8    0.0   0.00    3.2   18.0  19:32    314
 30   44.4   55.0  15:45   36.0  23:35   20.6    0.0   0.00    5.6   20.0  09:14    313
---------------------------------------------------------------------------------------
      47.3   90.0     28   20.0     02  534.7    2.0   0.43    2.6   20.0     14    291
    
Updated: 12/05/2017 02:40:00 AM