Northwest Meridian, Idaho

43° 38.92' N | 116° 25.01' W | 2569 feet | Show on map

Climate Summary for March 2008

Last Updated 04/07/2018

Station:LaCrosse WS-2316
Software:WeeWX
Weewx uptime:NA
Server uptime:NA

                   MONTHLY CLIMATOLOGICAL SUMMARY FOR Mar 2008


NAME: Northwest Meridian, Idaho                  
ELEV: 2569 feet    LAT: 43-38.92 N    LONG: 116-25.01 W


                   TEMPERATURE (°F), RAIN (in), WIND SPEED (mph)

                                         HEAT   COOL         AVG
      MEAN                               DEG    DEG          WIND                   DOM
DAY   TEMP   HIGH   TIME    LOW   TIME   DAYS   DAYS   RAIN  SPEED   HIGH   TIME    DIR
---------------------------------------------------------------------------------------
 01   42.1   50.0  16:03   33.0  21:46   22.9    0.0   0.24    2.6   13.0  12:17    293
 02   35.2   47.0  14:02   26.0  07:33   29.8    0.0   0.00    1.8    9.0  12:32    306
 03   37.0   54.0  14:30   24.0  01:35   28.0    0.0   0.00    1.0   10.0  21:15    152
 04   35.2   48.0  14:42   28.0  02:03   29.8    0.0   0.00    1.4   10.0  17:42    294
 05   35.1   50.0  15:14   25.0  02:34   29.9    0.0   0.00    1.2    8.0  13:44    295
 06   35.2   52.0  15:05   20.0  05:45   29.8    0.0   0.00    0.5    6.0  14:05    309
 07   39.6   59.0  13:57   23.0  06:47   25.4    0.0   0.00    0.4    4.0  15:27    313
 08   41.7   55.0  16:18   32.0  23:59   23.3    0.0   0.04    1.3    8.0  14:48    295
 09   40.9   60.0  15:12   25.0  07:01   24.1    0.0   0.00    0.2    4.0  16:02    281
 10   43.8   64.0  16:15   27.0  05:45   21.2    0.0   0.00    2.4   18.0  16:46    134
 11   47.5   64.0  16:16   36.0  07:56   17.5    0.0   0.00    3.5   14.0  00:26    139
 12   42.1   59.0  15:18   26.0  05:18   22.9    0.0   0.00    0.8    5.0  13:18    332
 13   44.1   55.0  16:28   34.0  23:48   20.9    0.0   0.33    2.0   13.0  13:48    289
 14   38.4   53.0  12:48   29.0  07:58   26.6    0.0   0.04    1.5   14.0  13:58    152
 15   38.0   52.0  17:19   29.0  23:59   27.0    0.0   0.00    1.7   12.0  12:49    308
 16   36.1   50.0  15:32   25.0  05:31   28.9    0.0   0.00    2.8   14.0  13:01    320
 17   40.5   54.0  15:27   29.0  02:45   24.5    0.0   0.00    0.9    7.0  16:27    322
 18   46.6   59.0  14:18   37.0  00:28   18.4    0.0   0.10    3.0   11.0  12:18    125
 19   43.5   58.0  13:45   33.0  07:13   21.5    0.0   0.12    2.1   13.0  17:26    139
 20   41.3   56.0  13:19   28.0  07:29   23.7    0.0   0.00    1.6   12.0  18:19    189
 21   38.5   48.0  14:13   29.0  23:55   26.5    0.0   0.00    2.1   11.0  12:12    313
 22   37.1   55.0  16:27   19.0  07:17   27.9    0.0   0.00    2.4   13.0  17:17    125
 23   44.9   62.0  16:30   30.0  07:19   20.1    0.0   0.00    6.4   16.0  01:58    124
 24   47.5   61.0  16:01   40.0  02:00   17.5    0.0   0.04    1.2    9.0  10:10    197
 25   45.0   65.0  15:15   35.0  07:33   20.0    0.0   0.00    1.2    6.0  14:15    290
 26   41.6   51.0  12:04   33.0  22:45   23.4    0.0   0.08    2.9   11.0  14:34    139
 27   35.5   47.0  14:27   25.0  07:26   29.5    0.0   0.04    2.2   10.0  10:57    276
 28   38.0   54.0  13:59   23.0  03:28   27.0    0.0   0.08    5.9   20.0  14:19    140
 29   34.5   47.0  14:01   19.0  07:41   30.5    0.0   0.00    1.6   11.0  02:30    304
 30   33.1   52.0  16:05   18.0  07:34   31.9    0.0   0.00    2.1   16.0  18:05    306
 31   34.5   53.0  14:57   23.0  04:45   30.5    0.0   0.00    1.9   10.0  02:15    309
---------------------------------------------------------------------------------------
      39.8   65.0     25   18.0     30  780.7    0.0   1.11    2.0   20.0     28    170
    
Updated: 12/05/2017 02:40:00 AM