Northwest Meridian, Idaho

43° 38.92' N | 116° 25.01' W | 2569 feet | Show on map

Climate Summary for February 2008

Last Updated 04/07/2018

Station:LaCrosse WS-2316
Software:WeeWX
Weewx uptime:NA
Server uptime:NA

                   MONTHLY CLIMATOLOGICAL SUMMARY FOR Feb 2008


NAME: Northwest Meridian, Idaho                  
ELEV: 2569 feet    LAT: 43-38.92 N    LONG: 116-25.01 W


                   TEMPERATURE (°F), RAIN (in), WIND SPEED (mph)

                                         HEAT   COOL         AVG
      MEAN                               DEG    DEG          WIND                   DOM
DAY   TEMP   HIGH   TIME    LOW   TIME   DAYS   DAYS   RAIN  SPEED   HIGH   TIME    DIR
---------------------------------------------------------------------------------------
 01   34.1   47.0  11:35   28.0  01:55   30.9    0.0   0.02    0.5    5.0  12:45    309
 02   31.3   38.0  13:28   25.0  07:28   33.7    0.0   0.00    1.8   10.0  18:49    162
 03   33.9   40.0  14:34   29.0  23:04   31.1    0.0   0.18    2.0    9.0  18:04    300
 04   28.8   36.0  14:17   19.0  21:27   36.2    0.0   0.00    2.4   11.0  00:34    310
 05   27.7   43.0  12:27   14.0  03:57   37.3    0.0   0.02    0.5    8.0  23:27    153
 06   32.1   46.0  13:18   24.0  04:27   32.9    0.0   0.10    0.2    9.0  00:27    260
 07   37.3   50.0  11:50   30.0  00:18   27.7    0.0   0.06    1.8   13.0  14:00    285
 08   36.5   49.0  11:41   30.0  01:41   28.5    0.0   0.00    0.2    4.0  13:11    348
 09   41.1   55.0  12:56   31.0  23:27   23.9    0.0   0.00    0.0    3.0  10:35     90
 10   37.5   53.0  13:19   29.0  07:59   27.5    0.0   0.00    0.0    2.0  06:48    178
 11   35.9   48.0  14:31   28.0  06:31   29.1    0.0   0.00    0.9    7.0  08:31    296
 12   37.2   52.0  14:04   25.0  05:03   27.8    0.0   0.02    0.0    3.0  14:04    315
 13   35.3   41.0  14:44   32.0  22:15   29.7    0.0   0.06    4.7   14.0  09:46    319
 14   33.6   43.0  15:24   27.0  06:31   31.4    0.0   0.00    3.5   13.0  13:00    309
 15   32.5   45.0  15:47   23.0  05:59   32.5    0.0   0.00    0.5    4.0  10:31    166
 16   35.3   47.0  15:16   26.0  07:27   29.7    0.0   0.00    0.5    6.0  14:31    296
 17   33.0   47.0  15:33   22.0  07:17   32.0    0.0   0.00    0.4    4.0  13:17    293
 18   30.8   43.0  13:44   21.0  06:20   34.2    0.0   0.00    0.5    6.0  16:46    148
 19   30.5   43.0  15:04   20.0  05:35   34.5    0.0   0.00    0.2    4.0  13:16    323
 20   32.8   46.0  14:14   24.0  00:58   32.2    0.0   0.00    0.1    3.0  14:33    297
 21   37.2   50.0  14:31   26.0  00:57   27.8    0.0   0.00    0.5    9.0  20:04    144
 22   35.4   46.0  13:49   32.0  01:01   29.6    0.0   0.22    0.0    2.0  18:02    304
 23   37.8   49.0  16:03   31.0  02:03   27.2    0.0   0.02    0.5    4.0  16:03    171
 24   44.5   57.0  14:33   37.0  00:20   20.5    0.0   0.02    1.4    9.0  05:00    171
 25   43.5   54.0  13:11   31.0  23:15   21.5    0.0   0.06    1.0    8.0  15:17    309
 26   39.7   56.0  14:48   28.0  06:32   25.3    0.0   0.02    0.3    4.0  10:35    140
 27   38.4   52.0  14:33   28.0  07:15   26.6    0.0   0.00    0.3    5.0  15:28    312
 28   38.2   55.0  14:41   25.0  05:56   26.8    0.0   0.00    0.4    5.0  15:26    315
 29   44.6   62.0  15:15   32.0  05:00   20.4    0.0   0.00    1.8    8.0  19:01    144
---------------------------------------------------------------------------------------
      35.8   62.0     29   14.0     05  848.5    0.0   0.80    0.9   14.0     13    297
    
Updated: 12/05/2017 02:40:00 AM