Northwest Meridian, Idaho

43° 38.92' N | 116° 25.01' W | 2569 feet | Show on map

Climate Summary for January 2008

Last Updated 04/07/2018

Station:LaCrosse WS-2316
Software:WeeWX
Weewx uptime:NA
Server uptime:NA

                   MONTHLY CLIMATOLOGICAL SUMMARY FOR Jan 2008


NAME: Northwest Meridian, Idaho                  
ELEV: 2569 feet    LAT: 43-38.92 N    LONG: 116-25.01 W


                   TEMPERATURE (°F), RAIN (in), WIND SPEED (mph)

                                         HEAT   COOL         AVG
      MEAN                               DEG    DEG          WIND                   DOM
DAY   TEMP   HIGH   TIME    LOW   TIME   DAYS   DAYS   RAIN  SPEED   HIGH   TIME    DIR
---------------------------------------------------------------------------------------
 01   22.0   32.0  13:47   13.0  04:02   43.0    0.0   0.00    0.6    8.0  19:17    158
 02   25.3   36.0  14:17   19.0  04:32   39.7    0.0   0.00    0.1    4.0  13:02     92
 03   32.1   42.0  14:47   20.0  00:17   32.9    0.0   0.00    0.6    6.0  17:47    146
 04   41.7   48.0  16:02   30.0  03:32   23.3    0.0   0.10    2.5   14.0  14:17    160
 05   38.8   47.0  14:02   34.0  23:32   26.2    0.0   0.02    0.7    6.0  10:47    190
 06   33.3   45.0  13:47   26.0  09:02   31.7    0.0   0.02    0.1    4.0  00:32    204
 07   30.1   44.0  13:02   20.0  21:17   34.9    0.0   0.00    0.5    8.0  05:47    164
 08   31.2   37.0  12:16   24.0  00:02   33.8    0.0   0.02    0.7    6.0  02:02    166
 09   30.6   36.0  12:17   21.0  21:32   34.4    0.0   0.00    0.6   10.0  07:17    309
 10   35.0   44.0  14:01   24.0  00:02   30.0    0.0   0.02    0.6    7.0  23:30    153
 11   36.4   49.0  13:00   28.0  01:01   28.6    0.0   0.00    0.0    2.0  14:04     90
 12   33.8   44.0  12:32   28.0  02:30   31.2    0.0   0.02    0.1    4.0  15:18    241
 13   32.8   35.0  12:15   31.0  23:20   32.2    0.0   0.00    0.1    5.0  01:18    288
 14   33.1   37.0  13:30   31.0  00:05   31.9    0.0   0.02    1.0    5.0  21:46    146
 15   28.0   36.0  00:15   17.0  23:01   37.0    0.0   0.00    2.7   15.0  06:00    313
 16   20.2   29.0  14:01   14.0  02:46   44.8    0.0   0.00    0.7    7.0  13:16    303
 17   27.1   37.0  13:01   16.0  00:16   37.9    0.0   0.00    0.4    5.0  15:16    298
 18   26.2   37.0  14:01   19.0  04:46   38.8    0.0   0.00    0.0    2.0  16:16    285
 19   25.8   36.0  13:44   17.0  05:46   39.2    0.0   0.00    0.1    6.0  23:04    335
 20   28.4   39.0  13:04   25.0  18:04   36.6    0.0   0.00    0.1    4.0  18:34    268
 21   24.0   35.0  12:03   17.0  19:33   41.0    0.0   0.00    0.1    3.0  01:04    259
 22   19.6   28.0  13:03   12.0  08:03   45.4    0.0   0.00    0.3    4.0  15:33    275
 23   12.7   25.0  13:35    4.0  07:34   52.3    0.0   0.00    0.2    4.0  16:35    270
 24   14.7   31.0  12:58    3.0  04:27   50.3    0.0   0.00    0.1    4.0  14:28    289
 25   22.3   32.0  12:28   16.0  00:48   42.7    0.0   0.00    0.1    2.0  12:48    280
 26   26.5   40.0  23:01   19.0  03:29   38.5    0.0   0.02    0.3    6.0  23:01    162
 27   41.1   48.0  15:04   35.0  11:14   23.9    0.0   0.08    2.4   10.0  12:34    162
 28   30.0   42.0  00:17   23.0  21:32   35.0    0.0   0.02    1.8   12.0  03:27    303
 29   28.6   36.0  15:34   20.0  23:55   36.4    0.0   0.00    0.7    7.0  12:33    163
 30   28.9   44.0  14:28   15.0  01:45   36.1    0.0   0.04    0.1    4.0  03:46    223
 31   31.8   37.0  12:34   26.0  00:02   33.2    0.0   0.02    2.5   14.0  08:13    185
---------------------------------------------------------------------------------------
      28.8   49.0     11    3.0     24 1122.8    0.0   0.40    0.7   15.0     15    212
    
Updated: 12/05/2017 02:40:00 AM