Northwest Meridian, Idaho

43° 38.92' N | 116° 25.01' W | 2569 feet | Show on map

Climate Summary for December 2007

Last Updated 04/07/2018

Station:LaCrosse WS-2316
Software:WeeWX
Weewx uptime:NA
Server uptime:NA

                   MONTHLY CLIMATOLOGICAL SUMMARY FOR Dec 2007


NAME: Northwest Meridian, Idaho                  
ELEV: 2569 feet    LAT: 43-38.92 N    LONG: 116-25.01 W


                   TEMPERATURE (°F), RAIN (in), WIND SPEED (mph)

                                         HEAT   COOL         AVG
      MEAN                               DEG    DEG          WIND                   DOM
DAY   TEMP   HIGH   TIME    LOW   TIME   DAYS   DAYS   RAIN  SPEED   HIGH   TIME    DIR
---------------------------------------------------------------------------------------
 01   28.9   38.0  13:00   19.0  01:45   36.1    0.0   0.00    0.2    4.0  21:00    170
 02   38.7   47.0  22:46   31.0  02:15   26.3    0.0   0.00    1.8   30.0  09:01    168
 03   49.2   53.0  12:01   46.0  00:01   15.8    0.0   0.00    0.9    7.0  00:16    164
 04   50.0   60.0  13:16   39.0  20:31   15.0    0.0   0.02    0.5    4.0  01:16    131
 05   40.2   52.0  13:32   33.0  03:15   24.8    0.0   0.00    0.1    4.0  14:00    327
 06   40.5   51.0  13:15   33.0  01:45   24.5    0.0   0.06    0.0    2.0  21:15    158
 07   37.2   40.0  00:15   32.0  23:45   27.8    0.0   0.26    0.7    5.0  17:30    294
 08   33.7   44.0  13:30   26.0  23:15   31.3    0.0   0.02    0.8    7.0  22:30    292
 09   26.4   35.0  12:45   17.0  07:30   38.6    0.0   0.00    0.3    6.0  00:45    298
 10   27.7   34.0  16:15   18.0  00:00   37.3    0.0   0.00    1.1    9.0  14:15    303
 11   20.7   32.0  13:05   13.0  06:05   44.3    0.0   0.00    0.1    3.0  11:05    135
 12   25.4   34.0  12:31   17.0  00:01   39.6    0.0   0.00    0.0    2.0  04:16     90
 13   26.7   35.0  12:31   20.0  23:01   38.3    0.0   0.00    0.1    6.0  14:46    328
 14   24.4   37.0  13:45   15.0  04:46   40.6    0.0   0.00    0.1    3.0  22:30    135
 15   31.1   37.0  13:30   27.0  23:00   33.9    0.0   0.00    0.6    7.0  11:30    158
 16   32.4   41.0  14:30   27.0  08:45   32.6    0.0   0.00    0.1    4.0  14:00    173
 17   38.3   47.0  13:30   32.0  00:15   26.7    0.0   0.00    0.3    5.0  01:00    146
 18   37.8   40.0  14:46   34.0  00:01   27.2    0.0   0.24    1.2    6.0  10:01    154
 19   38.6   44.0  11:46   36.0  04:31   26.4    0.0   0.33    0.4    7.0  21:46    158
 20   38.0   44.0  13:31   29.0  22:16   27.0    0.0   0.06    2.0   13.0  13:16    297
 21   28.1   36.0  13:31   20.0  23:16   36.9    0.0   0.00    1.2    9.0  14:46    302
 22   24.4   34.0  14:16   17.0  05:16   40.6    0.0   0.00    0.1    5.0  12:46    140
 23   30.6   38.0  13:31   24.0  06:46   34.4    0.0   0.02    0.0    2.0  21:01     22
 24   33.2   40.0  15:15   24.0  23:30   31.8    0.0   0.18    1.2    8.0  12:30    315
 25   26.2   36.0  14:15   15.0  05:45   38.8    0.0   0.04    0.3    6.0  16:17    182
 26   28.4   39.0  13:30   20.0  05:15   36.6    0.0   0.02    0.0    5.0  15:45    236
 27   25.0   36.0  13:45   15.0  06:30   40.0    0.0   0.00    0.2    6.0  23:45    216
 28   29.0   35.0  14:00   25.0  06:00   36.0    0.0   0.02    1.1    6.0  00:30    178
 29   34.7   48.0  13:45   30.0  03:15   30.3    0.0   0.02    0.1    3.0  01:45    174
 30   31.4   40.0  13:49   20.0  23:04   33.6    0.0   0.00    1.2   11.0  05:30    312
 31   22.6   35.0  12:49   15.0  05:34   42.4    0.0   0.00    0.2    4.0  12:49    349
---------------------------------------------------------------------------------------
      32.3   60.0     04   13.0     11 1015.7    0.0   1.29    0.5   30.0     02    249
    
Updated: 12/05/2017 02:40:00 AM