Northwest Meridian, Idaho

43° 38.92' N | 116° 25.01' W | 2569 feet | Show on map

Climate Summary for November 2007

Last Updated 04/07/2018

Station:LaCrosse WS-2316
Software:WeeWX
Weewx uptime:NA
Server uptime:NA

                   MONTHLY CLIMATOLOGICAL SUMMARY FOR Nov 2007


NAME: Northwest Meridian, Idaho                  
ELEV: 2569 feet    LAT: 43-38.92 N    LONG: 116-25.01 W


                   TEMPERATURE (°F), RAIN (in), WIND SPEED (mph)

                                         HEAT   COOL         AVG
      MEAN                               DEG    DEG          WIND                   DOM
DAY   TEMP   HIGH   TIME    LOW   TIME   DAYS   DAYS   RAIN  SPEED   HIGH   TIME    DIR
---------------------------------------------------------------------------------------
 01
 02
 03
 04
 05
 06
 07   46.8   59.0  15:34   35.0  23:34   18.2    0.0   0.00    0.0    0.0  14:49     90
 08   41.5   60.0  14:02   29.0  05:02   23.5    0.0   0.00    0.2    4.0  13:02    314
 09   43.8   61.0  14:48   32.0  02:02   21.2    0.0   0.00    0.1    5.0  08:33     10
 10   43.6   55.0  14:33   34.0  03:48   21.4    0.0   0.20    0.0    2.0  20:04    315
 11   43.2   53.0  10:19   30.0  18:04   21.8    0.0   0.18    0.9    8.0  07:19    295
 12   42.2   51.0  23:19   28.0  02:34   22.8    0.0   0.16    1.9   22.0  18:04    160
 13   42.7   52.0  00:49   27.0  23:49   22.3    0.0   0.12    2.2   12.0  12:19    317
 14   34.0   47.0  13:34   21.0  05:19   31.0    0.0   0.00    1.2    9.0  12:04    153
 15   41.0   54.0  14:04   31.0  02:49   24.0    0.0   0.00    0.1    3.0  11:49    124
 16   42.1   51.0  13:34   35.0  05:49   22.9    0.0   0.70    0.0    4.0  14:19    304
 17   49.8   62.0  13:04   42.0  03:34   15.2    0.0   0.08    0.1    3.0  13:19    133
 18   53.4   61.0  12:19   49.0  03:19   11.6    0.0   0.24    0.2    4.0  12:19    148
 19   43.2   50.0  08:19   31.0  22:34   21.8    0.0   0.00    0.8   11.0  11:34    312
 20   34.9   44.0  14:19   27.0  22:49   30.1    0.0   0.08    1.2   10.0  16:34    297
 21   28.7   41.0  13:34   20.0  06:19   36.3    0.0   0.16    0.1    2.0  14:04    326
 22   27.4   38.0  13:49   19.0  07:04   37.6    0.0   0.00    0.3    4.0  14:49    285
 23   26.0   39.0  14:04   16.0  06:34   39.0    0.0   0.00    0.4    5.0  13:49    305
 24   28.5   44.0  13:19   18.0  04:49   36.5    0.0   0.00    0.1    5.0  11:49    162
 25   32.1   42.0  13:19   24.0  22:04   32.9    0.0   0.00    0.0    3.0  16:34    310
 26   30.9   42.0  14:19   19.0  05:04   34.1    0.0   0.00    0.5    9.0  22:19    159
 27   35.2   43.0  12:19   29.0  21:19   29.8    0.0   0.10    0.7    7.0  12:19    306
 28   30.8   41.0  13:49   19.0  07:19   34.2    0.0   0.02    0.3    6.0  23:46    158
 29   35.0   46.0  13:00   24.0  23:30   30.0    0.0   0.02    0.3    6.0  14:45     43
 30   27.6   37.0  12:45   19.0  05:45   37.4    0.0   0.02    0.1    4.0  16:45    317
---------------------------------------------------------------------------------------
      37.4   62.0     17   16.0     23  655.5    0.0   2.08    0.5   22.0     12    276
    
Updated: 12/05/2017 02:40:00 AM